{"id":653,"date":"2018-03-01T09:33:43","date_gmt":"2018-03-01T13:33:43","guid":{"rendered":"http:\/\/projects.upei.ca\/unescochair\/?page_id=653"},"modified":"2025-06-25T10:53:39","modified_gmt":"2025-06-25T13:53:39","slug":"past-conferences","status":"publish","type":"page","link":"http:\/\/projects.upei.ca\/unescochair\/past-conferences\/","title":{"rendered":"Past conferences"},"content":{"rendered":"<p><strong>2025 CONFERENCES<\/strong> (clicking on links will take you to conference websites)<\/p>\n<p><a href=\"https:\/\/projects.upei.ca\/unescochair\/turningthetide2025\/\">June 16-20, 2025 | Charlottetown, Prince Edward Island<\/a><br \/>\nTurning the Tide: Island Imaginaries and Interdisciplinaries in Climate Change. The 3rd International Conference on Small Island States (SIS) and Subnational Island Jurisdictions (SNIJs). Supported by the UNESCO Co-Chair in Island Studies and Sustainability, the Institute of Island Studies at the University of Prince Edward Island, Sophia University (Tokyo) and The University of Aruba<\/p>\n<p><strong>2023 CONFERENCES<\/strong> (<em>clicking on links will take you to conference websites<\/em>)<\/p>\n<p><a href=\"https:\/\/projects.upei.ca\/unescochair\/conferences-events\/turning-the-tide\/\">October 23-26, 2023 | Oranjestad, Aruba<\/a><br \/>\nTurning the Tide: Climate Change, Social Change, and Islandness. The 2nd International Conference on Small Island States (SIS) and Subnational Island Jurisdictions (SNIJs). Supported by the UNESCO Co-Chairs in Island Studies and Sustainability, the Institute of Island Studies at the University of Prince Edward Island and The University of Aruba<\/p>\n<p><strong>2019 CONFERENCES<\/strong> <em>(clicking on links will take you to conference websites)<\/em><\/p>\n<p><a href=\"http:\/\/projects.upei.ca\/unescochair\/island-statesisland-territories-an-international-conference\/\">March 26-29, 2019 | Oranjestad, Aruba<\/a><br \/>\nIsland States\/Island Territories: Sharing Stories of Island Life, Governance and Global Engagement. The 1st International Conference on Small Island States (SIS) and Subnational Island Jurisdictions (SNIJs)<br \/>\nThe UNESCO Chair in Island Studies and Sustainability at UPEI, The University of Aruba, and The Aruba Centre of Excellence (COE) for the Sustainability of Small Island Developing States (SIDS)<\/p>\n<p><a href=\"http:\/\/conferences.sta.uwi.edu\/mmiracc\/\">March 26-29, 2019 | St. Augustine, Trinidad &amp; Tobago<\/a><br \/>\nMixed Methods Conference<br \/>\nUniversity of the West Indies<\/p>\n<p><a href=\"http:\/\/eventos.ull.es\/29302\/detail\/reti-symposium-2019.html\">April 29-May 3, 2019 | Gran Canaria and Tenerife\u00a0<\/a><br \/>\nRETI 2019 Meetings and Conference<br \/>\nUniversidad de La Laguna \/ Universidad de Las Palmas de Gran Canaria<\/p>\n<p><a href=\"https:\/\/www.ntnu.edu\/geography\/ngm-2019\">June 16-19, 2019 | Trondheim, Norway<\/a><br \/>\nSustainable Island Geography\u00a0 \u2013\u00a0 Geographies of Island Sustainability, at the 8th Nordic Geographers Meeting<\/p>\n<p><span class=\"aBn\"><span class=\"aQJ\"><a href=\"http:\/\/www.islanddynamics.org\/remote2019.html\">September 10-18, 2019 | Svaneti &amp; Tbilisi, Georgia<\/a>\u00a0<\/span><\/span><br \/>\nREMOTE:\u00a0Rethinking Remoteness, Isolation, and Peripherality<br \/>\nIsland Dynamics<\/p>\n<p><a href=\"http:\/\/www.islanddynamics.org\/supernaturalconference2019.html\"><span class=\"aBn\"><span class=\"aQJ\">September 24-October 2, 2019 | <\/span><\/span>Svaneti &amp; Tbilisi, Georgia<\/a><br \/>\nConference on\u00a0\u2018Folk Belief\u2019 and \u2018The Supernatural<span class=\"m_2381828880626351606ox-645a552528-C-1\">\u00a0in Literature and Film\u2019<br \/>\nIsland Dynamics<\/span><\/p>\n<p><strong>2018 CONFERENCES<\/strong>\u00a0<em>(clicking on links will take you to conference websites)<\/em><\/p>\n<p><a href=\"http:\/\/www.isisa.org\/\">June 10-14, 2018 | Leeuwarden \u2013 Terschelling, The Netherlands | Islands of the World XVI: The Changing Future of Islands<br \/>\n<\/a>Hosted by International Small Island Studies Association (ISISA),\u00a0Waddenacademie, University of Groningen, KITLV, Leeuwarden Cultural Capital of Europe 2018 and Oerol-Sense of Place<\/p>\n<p><a href=\"http:\/\/www.islandcities.org\/icua2018.html\">September 26-29, 2018 | Zhoushan, China | Islands, Resources and Society: Sustainable Development under Globalization and Urbanization<\/a><br \/>\nHosted by Island Dynamics<\/p>\n<p><a href=\"http:\/\/www.islanddynamics.org\/indigenouscommunities.html\">October 1-5, 2018 | Pongso no Tao, Taiwan | Indigeneous Communities, Indigenous Spaces:Tradition and Change in a Globalising World<br \/>\n<\/a>Hosted by Island Dynamics<\/p>\n<p><a href=\"http:\/\/saskatoon2018.crrf.ca\/\">October 10-12, 2-18 | Saskatoon, Saskatchewan, Canada | CRRF Rural Conference: Health &amp; Shared Prosperity<\/a><br \/>\nHosted by the Canadian Rural Revitalization Foundation, Saskatchewan Economic Development Association, and the University of Saskatchewan<\/p>\n<p><a href=\"http:\/\/www.mun.ca\/publicengagement\/pppconference\/\">October 25-27, 2018 | St. John&#8217;s, NL, Canada | People, Place and Public Engagement<\/a><br \/>\nHosted by the Office of Public Engagement, Memorial University of Newfoundland<\/p>\n<p><a href=\"http:\/\/www.mun.ca\/retisymposium\/\">November 23-28, 2018 | St. John&#8217;s, NL, Canada | Engaging Islands: RETI Symposium 2018<\/a><br \/>\nHosted by Memorial University of Newfoundland<\/p>\n<p><a href=\"http:\/\/www.islanddynamics.org\/economicsdevelopment.html\">November 30-December 3, 2018, Nuuk, Greenland |\u00a0\u00a0Nuuk, Greenland\u00a0<\/a><br \/>\nEconomics and Development in\u00a0<span class=\"C-3\">Microstates, Islands, and the Arctic<br \/>\nIsland Dynamics and Ilisimatusarfik\/University of Greenland\u2019s Department of Economics and Business<\/span><\/p>\n<p><strong>2017 CONFERENCES<\/strong> <em>(clicking on links will take you to conference websites)<\/em><\/p>\n<p><a href=\"http:\/\/www.islanddynamics.org\/extreme.html\">January 21-25, 2018 | Longyearbyen, Svalbard |\u00a0EXTREME: Rethinking the Limits to Community, Architecture, and Urbanism<\/a><br \/>\nHosted by Island Dynamics<\/p>\n<p><a href=\"http:\/\/shimajournal.org\/conferences\/aa\/\">March 30-April 1 | Pratt Institute, Brooklyn, New York | Archipelagos and Aquapelagos &#8211; Conceptualizing Islands and Marine Spaces\u00a0<\/a><br \/>\nHosted by The Pratt Institute<\/p>\n<p><a href=\"http:\/\/foundationforec.org\/7th-international-conference-on-environmental-future\/\">April 16-20, 2018 | Honolulu, Hawai&#8217;i | \u00a07th International Conference on Environmental Future:\u00a0Humans and Island Environments<\/a><br \/>\nHosted by the Foundation for Environmental Conservation, the East-West Center, the University of Hawai\u2019i M\u0101noa, and the Newcastle University Institute for Sustainability<\/p>\n<p><a href=\"http:\/\/www.islandinvasives2017.com\/\">July 10-14, 2017 | Dundee, Scotland | Island Invasives Conference 2017<\/a><br \/>\nHosted by University of Dundee<\/p>\n<p><a href=\"https:\/\/www.deltager.no\/north_atlantic_forum_2017_13092017\">September 13-16, 2017 | Bo, Norway |\u00a0Traditions and transformations in the sustainability of rural communities<\/a><br \/>\nHosted by North Atlantic Forum (NAF) and Telemark University<\/p>\n<p><a href=\"http:\/\/www.rmf.is\/en\/conferences\/rdt-13-tackling-overtourism-local-responses\">Working symposium September 29-30, 2017 | Reykjavik, Iceland | RTD-13: Tackling Overtourism &#8211; Local Responses<\/a><br \/>\nHosted by University of Iceland<\/p>\n<p><a href=\"http:\/\/www.islanddynamics.org\/mermaidconference.html\">October 24-27, 2017 | Copenhagen, Denmark |\u00a0Mermaids, Maritime Folklore, and Modernity<\/a><br \/>\nHosted by Island Dynamics<\/p>\n<p><a href=\"http:\/\/rhizomes2017.unidcom-iade.pt\/\">October 24-27, 2017 | Funchal, Madeira | Senses &amp; Sensibilities, Design Beyond Borders &amp; Rhizomes<\/a><br \/>\nHosted by Unidade de Investiga\u00e7\u00e3o em Design e Comunica\u00e7\u00e3o (UNIDCOM\/IADE) and Madeira University<\/p>\n<p><a href=\"http:\/\/islandcities.org\/icua2017.html\">November 8-12, 2017 | Funchal, Madeira | Island Cities and Urban Archipelagos 2017\u00a0<\/a><br \/>\nHosted by Island Dynamics<\/p>\n<p><a href=\"http:\/\/www4.uma.pt\/cierl\/?page_id=1914\">November 8-12, 2017 | Funchal, Madeira |\u00a0III Insula International Colloquium &#8211; Beyond Nature and Artifice<br \/>\n<\/a>Hosted by\u00a0CIERL-UMa \u2013 Centro de Investiga\u00e7\u00e3o em Estudos Regionais e Locais (Research Centre for Regional and Local Studies), University of Madeira<\/p>\n<p><a href=\"https:\/\/projects.upei.ca\/unescochair\/1st-international-conference-on-island-economies\/\">November 14-15, 2017 | Haikou, Hainan Island, P.R. of China<\/a><br \/>\n1st International Conference on Island Economic Change and Development<br \/>\nCo-organized by the Hainan foreign and Overseas Chinese Affairs Office; Institute of Island Studies, University of Prince Edward Island; University of Malta; UNESCO Chair in Island Studies and Sustainability<\/p>\n<p><a href=\"http:\/\/reti.univ-corse.fr\/Newsletter-January-2017-wishes-from-the-Executive-Direction_a190.html\">November 17-21, 2017 | Okinawa, Japan | Externalities: &#8220;Mainlands, Great Powers, and Other Islands<\/a><br \/>\nHosted by Reseau d&#8217;excellence des territoires insulaires (RETI) \/ University of the Ryukyus<\/p>\n<p><strong>2016 CONFERENCES<\/strong> <em>(clicking on links will take you to conference websites)<\/em><\/p>\n<p><a href=\"https:\/\/projects.upei.ca\/unescochair\/climate-change-and-islands-symposium\/\">September 20-23, 2016 | Charlottetown, Prince Edward Island\u00a0| Climate Change &amp; Islands Symposium\u00a0<\/a><br \/>\nBuilding Small Island Resilience to Global Climate Change: An International Symposium and Public Forum.\u00a0 Hosted by UNESCO Chair in Island Studies and Sustainability &amp; UPEI Climate Research Lab<\/p>\n","protected":false},"excerpt":{"rendered":"<p>2025 CONFERENCES (clicking on links will take you to conference websites) June 16-20, 2025 | Charlottetown, Prince Edward Island Turning the Tide: Island Imaginaries and Interdisciplinaries in Climate Change. The 3rd International Conference on Small Island States (SIS) and Subnational &hellip; <a href=\"http:\/\/projects.upei.ca\/unescochair\/past-conferences\/\">Continue reading <span class=\"meta-nav\">&rarr;<\/span><\/a><\/p>\n","protected":false},"author":107,"featured_media":0,"parent":0,"menu_order":0,"comment_status":"closed","ping_status":"closed","template":"","meta":{"footnotes":""},"tags":[],"jetpack_sharing_enabled":true,"_links":{"self":[{"href":"http:\/\/projects.upei.ca\/unescochair\/wp-json\/wp\/v2\/pages\/653"}],"collection":[{"href":"http:\/\/projects.upei.ca\/unescochair\/wp-json\/wp\/v2\/pages"}],"about":[{"href":"http:\/\/projects.upei.ca\/unescochair\/wp-json\/wp\/v2\/types\/page"}],"author":[{"embeddable":true,"href":"http:\/\/projects.upei.ca\/unescochair\/wp-json\/wp\/v2\/users\/107"}],"replies":[{"embeddable":true,"href":"http:\/\/projects.upei.ca\/unescochair\/wp-json\/wp\/v2\/comments?post=653"}],"version-history":[{"count":14,"href":"http:\/\/projects.upei.ca\/unescochair\/wp-json\/wp\/v2\/pages\/653\/revisions"}],"predecessor-version":[{"id":2098,"href":"http:\/\/projects.upei.ca\/unescochair\/wp-json\/wp\/v2\/pages\/653\/revisions\/2098"}],"wp:attachment":[{"href":"http:\/\/projects.upei.ca\/unescochair\/wp-json\/wp\/v2\/media?parent=653"}],"wp:term":[{"taxonomy":"post_tag","embeddable":true,"href":"http:\/\/projects.upei.ca\/unescochair\/wp-json\/wp\/v2\/tags?post=653"}],"curies":[{"name":"wp","href":"https:\/\/api.w.org\/{rel}","templated":true}]}}