{"id":60,"date":"2024-04-19T11:40:07","date_gmt":"2024-04-19T14:40:07","guid":{"rendered":"https:\/\/projects.upei.ca\/avc-hospital-expansion\/?page_id=60"},"modified":"2024-04-26T10:42:15","modified_gmt":"2024-04-26T13:42:15","slug":"testimonials","status":"publish","type":"page","link":"https:\/\/projects.upei.ca\/avc-hospital-expansion\/testimonials\/","title":{"rendered":"Testimonials"},"content":{"rendered":"\n<h3 class=\"wp-block-heading\">Turnip&#8217;s New Life<\/h3>\n\n\n\n<figure class=\"wp-block-embed is-type-video is-provider-youtube wp-block-embed-youtube wp-embed-aspect-16-9 wp-has-aspect-ratio\"><div class=\"wp-block-embed__wrapper\">\n<iframe loading=\"lazy\" title=\"Turnip&#039;s Story\" width=\"620\" height=\"349\" src=\"https:\/\/www.youtube.com\/embed\/q44ZY7ospQk?feature=oembed\" frameborder=\"0\" allow=\"accelerometer; autoplay; clipboard-write; encrypted-media; gyroscope; picture-in-picture; web-share\" referrerpolicy=\"strict-origin-when-cross-origin\" allowfullscreen><\/iframe>\n<\/div><figcaption class=\"wp-element-caption\">Turnip has a new life, thanks to the AVC&#8217;s MRI. <\/figcaption><\/figure>\n\n\n\n<hr class=\"wp-block-separator has-alpha-channel-opacity\"\/>\n\n\n\n<h3 class=\"wp-block-heading\">Dr. Etienne C\u00f4t\u00e9<\/h3>\n\n\n\n<figure class=\"wp-block-image size-full\"><img loading=\"lazy\" decoding=\"async\" width=\"1000\" height=\"667\" src=\"https:\/\/projects.upei.ca\/avc-hospital-expansion\/files\/2024\/04\/avc_hospital_expansion_testimonials.jpg\" alt=\"Dr. Etienne C\u00f4t\u00e9 and a group of veterinary students examining a small dog\" class=\"wp-image-61\" srcset=\"https:\/\/projects.upei.ca\/avc-hospital-expansion\/files\/2024\/04\/avc_hospital_expansion_testimonials.jpg 1000w, https:\/\/projects.upei.ca\/avc-hospital-expansion\/files\/2024\/04\/avc_hospital_expansion_testimonials-300x200.jpg 300w, https:\/\/projects.upei.ca\/avc-hospital-expansion\/files\/2024\/04\/avc_hospital_expansion_testimonials-768x512.jpg 768w, https:\/\/projects.upei.ca\/avc-hospital-expansion\/files\/2024\/04\/avc_hospital_expansion_testimonials-973x649.jpg 973w, https:\/\/projects.upei.ca\/avc-hospital-expansion\/files\/2024\/04\/avc_hospital_expansion_testimonials-508x339.jpg 508w\" sizes=\"(max-width: 1000px) 100vw, 1000px\" \/><\/figure>\n\n\n\n<p>AVC\u2019s first-ever atriotomy under inflow occlusion was performed in September 2021 transforming the life of a golden retriever puppy. The patient was diagnosed with a severe form of a rare birth defect called cor triatriatum dexter (CTD). CTD impairs blood circulation and had significantly delayed the puppy\u2019s growth. Without treatment, he was not expected to have good-quality life.<\/p>\n\n\n\n<blockquote class=\"wp-block-quote\">\n<p>\u201cThe combination of expertise here at AVC, right equipment, and the ideal candidate had not presented itself until now. This was an opportunity for us to change the puppy\u2019s outlook from a poor prognosis to a real chance at a normal life.\u201d<\/p>\n<cite>Dr. \u00c9tienne C\u00f4t\u00e9, professor of cardiology, AVC<\/cite><\/blockquote>\n\n\n\n<p>The patient is now home and doing well.<\/p>\n\n\n\n<hr class=\"wp-block-separator has-alpha-channel-opacity\"\/>\n\n\n\n<div class=\"wp-block-buttons is-layout-flex wp-block-buttons-is-layout-flex\">\n<div class=\"wp-block-button has-custom-width wp-block-button__width-100 has-custom-font-size has-normal-font-size\"><a class=\"wp-block-button__link has-black-color has-text-color has-background has-link-color wp-element-button\" href=\"https:\/\/upei.ca\/givetoavc\" style=\"border-radius:0px;background-color:#fbb040\">Support the AVC Hospital Expansion today!<\/a><\/div>\n<\/div>\n","protected":false},"excerpt":{"rendered":"<p>Turnip&#8217;s New Life Dr. Etienne C\u00f4t\u00e9 AVC\u2019s first-ever atriotomy under inflow occlusion was performed in September 2021 transforming the life of a golden retriever puppy. The patient was&#8230;<\/p>\n","protected":false},"author":1,"featured_media":0,"parent":0,"menu_order":0,"comment_status":"closed","ping_status":"closed","template":"","meta":{"footnotes":""},"tags":[],"_links":{"self":[{"href":"https:\/\/projects.upei.ca\/avc-hospital-expansion\/wp-json\/wp\/v2\/pages\/60"}],"collection":[{"href":"https:\/\/projects.upei.ca\/avc-hospital-expansion\/wp-json\/wp\/v2\/pages"}],"about":[{"href":"https:\/\/projects.upei.ca\/avc-hospital-expansion\/wp-json\/wp\/v2\/types\/page"}],"author":[{"embeddable":true,"href":"https:\/\/projects.upei.ca\/avc-hospital-expansion\/wp-json\/wp\/v2\/users\/1"}],"replies":[{"embeddable":true,"href":"https:\/\/projects.upei.ca\/avc-hospital-expansion\/wp-json\/wp\/v2\/comments?post=60"}],"version-history":[{"count":5,"href":"https:\/\/projects.upei.ca\/avc-hospital-expansion\/wp-json\/wp\/v2\/pages\/60\/revisions"}],"predecessor-version":[{"id":90,"href":"https:\/\/projects.upei.ca\/avc-hospital-expansion\/wp-json\/wp\/v2\/pages\/60\/revisions\/90"}],"wp:attachment":[{"href":"https:\/\/projects.upei.ca\/avc-hospital-expansion\/wp-json\/wp\/v2\/media?parent=60"}],"wp:term":[{"taxonomy":"post_tag","embeddable":true,"href":"https:\/\/projects.upei.ca\/avc-hospital-expansion\/wp-json\/wp\/v2\/tags?post=60"}],"curies":[{"name":"wp","href":"https:\/\/api.w.org\/{rel}","templated":true}]}}