{"id":18,"date":"2020-11-14T20:32:16","date_gmt":"2020-11-15T00:32:16","guid":{"rendered":"http:\/\/projects.upei.ca\/cef\/?page_id=18"},"modified":"2020-11-25T16:52:45","modified_gmt":"2020-11-25T20:52:45","slug":"ressources","status":"publish","type":"page","link":"https:\/\/projects.upei.ca\/cef\/ressources\/","title":{"rendered":"Ressources \/ Resources"},"content":{"rendered":"\n<p>Cliquez sur les images pour avoir acc\u00e8s aux sites propos\u00e9s. Nous ajouterons des ressources au fur et \u00e0 mesure pour vous aider \u00e0 d\u00e9velopper vos habilet\u00e9s en fran\u00e7ais. <\/p>\n\n\n\n<p>Click on the images to access the proposed websites. We will regularly add resources to help you develop your French language skills.<\/p>\n\n\n\n<div class=\"wp-block-image\"><figure class=\"aligncenter size-large is-resized\"><a href=\"http:\/\/bdl.oqlf.gouv.qc.ca\/bdl\/\" target=\"_blank\" rel=\"noopener noreferrer\"><img loading=\"lazy\" decoding=\"async\" src=\"https:\/\/projects.upei.ca\/cef\/files\/2020\/11\/bdl_oqlf.jpg\" alt=\"\" class=\"wp-image-68\" width=\"394\" height=\"86\" \/><\/a><figcaption>Banque de d\u00e9pannage linguistique de l&rsquo;Office qu\u00e9b\u00e9cois de la langue fran\u00e7aise<\/figcaption><\/figure><\/div>\n\n\n\n<div class=\"wp-block-image\"><figure class=\"alignleft size-large is-resized\"><a href=\"https:\/\/www.le-dictionnaire.com\/\" target=\"_blank\" rel=\"noopener noreferrer\"><img loading=\"lazy\" decoding=\"async\" src=\"https:\/\/projects.upei.ca\/cef\/files\/2020\/11\/dictionnaire.jpg\" alt=\"\" class=\"wp-image-72\" width=\"232\" height=\"122\" srcset=\"https:\/\/projects.upei.ca\/cef\/files\/2020\/11\/dictionnaire.jpg 310w, https:\/\/projects.upei.ca\/cef\/files\/2020\/11\/dictionnaire-300x158.jpg 300w\" sizes=\"(max-width: 232px) 100vw, 232px\" \/><\/a><figcaption>Le dictionnaire en ligne<\/figcaption><\/figure><\/div>\n\n\n\n<div class=\"wp-block-image\"><figure class=\"aligncenter size-large is-resized\"><a href=\"https:\/\/fr.tsedryk.ca\/grammaire\/presentations\/grammaire_presentations_images\/index.html\" target=\"_blank\" rel=\"noopener noreferrer\"><img loading=\"lazy\" decoding=\"async\" src=\"https:\/\/projects.upei.ca\/cef\/files\/2020\/11\/grammaire-en-images.jpg\" alt=\"\" class=\"wp-image-69\" width=\"252\" height=\"162\" \/><\/a><figcaption>La grammaire fran\u00e7aise en images<\/figcaption><\/figure><\/div>\n\n\n\n<div class=\"wp-block-image\"><figure class=\"alignright size-large is-resized\"><a href=\"https:\/\/bonpatron.com\/fr\/\" target=\"_blank\" rel=\"noopener noreferrer\"><img loading=\"lazy\" decoding=\"async\" src=\"https:\/\/projects.upei.ca\/cef\/files\/2020\/11\/Bon-Patron.jpg\" alt=\"\" class=\"wp-image-73\" width=\"260\" height=\"168\" \/><\/a><figcaption>Outil d&rsquo;aide \u00e0 la correction de textes<\/figcaption><\/figure><\/div>\n\n\n\n<figure class=\"wp-block-image size-large\"><a href=\"https:\/\/delf-dalf.ambafrance-ca.org\/fr\/se-preparer-en-ligne\" target=\"_blank\" rel=\"noopener noreferrer\"><img loading=\"lazy\" decoding=\"async\" width=\"240\" height=\"170\" src=\"https:\/\/projects.upei.ca\/cef\/files\/2020\/11\/preparer_delf.jpg\" alt=\"\" class=\"wp-image-70\" \/><\/a><figcaption>Se pr\u00e9parer au DELF B2<\/figcaption><\/figure>\n","protected":false},"excerpt":{"rendered":"<p>Cliquez sur les images pour avoir acc\u00e8s aux sites propos\u00e9s. Nous ajouterons des ressources au fur et \u00e0 mesure pour vous aider \u00e0 d\u00e9velopper vos habilet\u00e9s en fran\u00e7ais. Click on the images to access the proposed websites. We will regularly &hellip; <a href=\"https:\/\/projects.upei.ca\/cef\/ressources\/\">Continue reading <span class=\"meta-nav\">&rarr;<\/span><\/a><\/p>\n","protected":false},"author":225,"featured_media":0,"parent":0,"menu_order":0,"comment_status":"closed","ping_status":"closed","template":"","meta":{"footnotes":""},"tags":[],"_links":{"self":[{"href":"https:\/\/projects.upei.ca\/cef\/wp-json\/wp\/v2\/pages\/18"}],"collection":[{"href":"https:\/\/projects.upei.ca\/cef\/wp-json\/wp\/v2\/pages"}],"about":[{"href":"https:\/\/projects.upei.ca\/cef\/wp-json\/wp\/v2\/types\/page"}],"author":[{"embeddable":true,"href":"https:\/\/projects.upei.ca\/cef\/wp-json\/wp\/v2\/users\/225"}],"replies":[{"embeddable":true,"href":"https:\/\/projects.upei.ca\/cef\/wp-json\/wp\/v2\/comments?post=18"}],"version-history":[{"count":12,"href":"https:\/\/projects.upei.ca\/cef\/wp-json\/wp\/v2\/pages\/18\/revisions"}],"predecessor-version":[{"id":112,"href":"https:\/\/projects.upei.ca\/cef\/wp-json\/wp\/v2\/pages\/18\/revisions\/112"}],"wp:attachment":[{"href":"https:\/\/projects.upei.ca\/cef\/wp-json\/wp\/v2\/media?parent=18"}],"wp:term":[{"taxonomy":"post_tag","embeddable":true,"href":"https:\/\/projects.upei.ca\/cef\/wp-json\/wp\/v2\/tags?post=18"}],"curies":[{"name":"wp","href":"https:\/\/api.w.org\/{rel}","templated":true}]}}