{"id":197,"date":"2018-02-16T14:48:13","date_gmt":"2018-02-16T18:48:13","guid":{"rendered":"http:\/\/projects.upei.ca\/mais\/?page_id=197"},"modified":"2021-04-15T10:19:05","modified_gmt":"2021-04-15T13:19:05","slug":"crystal-burrows","status":"publish","type":"page","link":"https:\/\/projects.upei.ca\/mais\/walk-on-the-edge-2018\/crystal-burrows\/","title":{"rendered":"A Walk on the Edge 2018 | Crystal Burrows"},"content":{"rendered":"<p style=\"text-align: center\"><strong><a href=\"http:\/\/projects.upei.ca\/mais\/files\/2018\/02\/Iceland.png\"><img loading=\"lazy\" decoding=\"async\" class=\"size-medium wp-image-223 aligncenter\" src=\"http:\/\/projects.upei.ca\/mais\/files\/2018\/02\/Iceland-300x217.png\" alt=\"\" width=\"300\" height=\"217\" srcset=\"https:\/\/projects.upei.ca\/mais\/files\/2018\/02\/Iceland-300x217.png 300w, https:\/\/projects.upei.ca\/mais\/files\/2018\/02\/Iceland-415x300.png 415w, https:\/\/projects.upei.ca\/mais\/files\/2018\/02\/Iceland.png 506w\" sizes=\"(max-width: 300px) 100vw, 300px\" \/><\/a>A Walk on the Edge: Iceland<\/strong><br \/><strong>Crystal Burrows<\/strong><\/p>\n<p>It was Fall 2014 and my husband, Jason, the trip-planner of the family, and I travelled to Iceland. At that time, I was not even aware of the Master of Arts in Island Studies (MAIS) program, let alone thinking of how I might use our journey as the basis of an assignment. However, in retrospect, I cannot think of a better fit for \u201cA Walk on the Edge.\u201d<\/p>\n<p>Iceland is a beautiful and extraordinary country, with waterfalls, geysers, glaciers, volcanos, and sheep that traverse the mountainsides in what seems like sheer defiance of the laws of physics. And yet, several years later, what sticks with me most is what I experienced along the shores of Iceland\u2019s southern coast.<\/p>\n<p><a href=\"http:\/\/projects.upei.ca\/mais\/files\/2018\/02\/1-Dyrh\u00f3laey-from-Reynisfjara-Beach.jpg\"><img loading=\"lazy\" decoding=\"async\" class=\"wp-image-193 alignright\" src=\"http:\/\/projects.upei.ca\/mais\/files\/2018\/02\/1-Dyrh\u00f3laey-from-Reynisfjara-Beach-300x225.jpg\" alt=\"\" width=\"330\" height=\"250\" \/><\/a><\/p>\n<p><strong>Reynisfjara Beach<\/strong><\/p>\n<p>Something you should know is that I am a fisherman\u2019s daughter and instilled in me is a sizable measure of respect for the sea. My father\u2019s first cousin lost his life to the Northumberland Strait while fishing when I was 11, so I understood Islanders\u2019 vulnerability to the sea from a fairly young age. However, I had never experienced the feeling of ocean vulnerability first hand. That all changed in Iceland.<\/p>\n<p>\u201cThe sea was angry that day, my friends\u201d (David et al., 1994). It may seem bizarre to quote a line from a sitcom after such a solemn introduction, but that line is exactly what came to mind when I arrived on Reynisfjara Beach: Mother Nature was angry.\u00a0 I had never witnessed such large swells rolling up to meet a shoreline and, to be quite honest, it was unsettling, an immediate knot having formed in the pit of my stomach at the realization that I was stuck on an island in the middle of the North Atlantic which was being pounded by unrelenting waves.\u00a0 If that isn\u2019t vulnerability, I don\u2019t what is.\u00a0 Strangely enough, though, I didn\u2019t retreat inland (at least not right away). Despite being borderline terrified, I was also in awe of the sheer power that Mother Nature has at her disposal.<\/p>\n<p><a href=\"http:\/\/projects.upei.ca\/mais\/files\/2018\/02\/2-Vik.jpg\"><img loading=\"lazy\" decoding=\"async\" class=\"wp-image-202 alignleft\" src=\"http:\/\/projects.upei.ca\/mais\/files\/2018\/02\/2-Vik-300x225.jpg\" alt=\"\" width=\"331\" height=\"252\" \/><\/a><\/p>\n<p><strong>Vik<\/strong><\/p>\n<p>Vik, with its beach sand tinted black from volcanic ash, is a reminder that the ocean is not the only natural source of vulnerability. Imagine how it would feel to be hemmed in by raging waves on one side and an erupting volcano on the other?<\/p>\n<p>Interestingly enough, Vik was also the place in Iceland where I felt most isolated. Vik is certainly isolated in terms of its location, as is the vast majority of rural Iceland.\u00a0 However, it was more so the people that contributed to my sense of isolation. Based on my observations, Icelanders are, for the most part, reserved when interacting with tourists, but the reservation level is upped a few notches in Vik.<\/p>\n<p><strong><a href=\"http:\/\/projects.upei.ca\/mais\/files\/2018\/02\/4-J\u00f6kuls\u00e1rl\u00f3n-Glacier-Lagoon-2.jpg\"><img loading=\"lazy\" decoding=\"async\" class=\"size-medium wp-image-204 alignright\" src=\"http:\/\/projects.upei.ca\/mais\/files\/2018\/02\/4-J\u00f6kuls\u00e1rl\u00f3n-Glacier-Lagoon-2-300x225.jpg\" alt=\"\" width=\"300\" height=\"225\" srcset=\"https:\/\/projects.upei.ca\/mais\/files\/2018\/02\/4-J\u00f6kuls\u00e1rl\u00f3n-Glacier-Lagoon-2-300x225.jpg 300w, https:\/\/projects.upei.ca\/mais\/files\/2018\/02\/4-J\u00f6kuls\u00e1rl\u00f3n-Glacier-Lagoon-2-768x576.jpg 768w, https:\/\/projects.upei.ca\/mais\/files\/2018\/02\/4-J\u00f6kuls\u00e1rl\u00f3n-Glacier-Lagoon-2-1024x768.jpg 1024w, https:\/\/projects.upei.ca\/mais\/files\/2018\/02\/4-J\u00f6kuls\u00e1rl\u00f3n-Glacier-Lagoon-2-400x300.jpg 400w\" sizes=\"(max-width: 300px) 100vw, 300px\" \/><\/a>J\u00f6kuls\u00e1rl\u00f3n Glacier Lagoon<\/strong><\/p>\n<p>The J\u00f6kuls\u00e1rl\u00f3n Glacier Lagoon is essentially a harbour, partially bordered by a glacier.<\/p>\n<p><\/p>\n<p><\/p>\n<p><\/p>\n<p><a href=\"http:\/\/projects.upei.ca\/mais\/files\/2018\/02\/3-J\u00f6kuls\u00e1rl\u00f3n-Glacier-Lagoon-1.jpg\"><img loading=\"lazy\" decoding=\"async\" class=\"size-medium wp-image-203 alignleft\" src=\"http:\/\/projects.upei.ca\/mais\/files\/2018\/02\/3-J\u00f6kuls\u00e1rl\u00f3n-Glacier-Lagoon-1-300x225.jpg\" alt=\"\" width=\"300\" height=\"225\" srcset=\"https:\/\/projects.upei.ca\/mais\/files\/2018\/02\/3-J\u00f6kuls\u00e1rl\u00f3n-Glacier-Lagoon-1-300x225.jpg 300w, https:\/\/projects.upei.ca\/mais\/files\/2018\/02\/3-J\u00f6kuls\u00e1rl\u00f3n-Glacier-Lagoon-1-768x576.jpg 768w, https:\/\/projects.upei.ca\/mais\/files\/2018\/02\/3-J\u00f6kuls\u00e1rl\u00f3n-Glacier-Lagoon-1-1024x768.jpg 1024w, https:\/\/projects.upei.ca\/mais\/files\/2018\/02\/3-J\u00f6kuls\u00e1rl\u00f3n-Glacier-Lagoon-1-400x300.jpg 400w\" sizes=\"(max-width: 300px) 100vw, 300px\" \/><\/a><\/p>\n<p>As the glacier melts, a sign of Iceland\u2019s vulnerability to climate change, icebergs break off and make their way out of the harbour to the open sea where they continue to melt and break apart.<\/p>\n<p><\/p>\n<p><\/p>\n<p><\/p>\n<p><a href=\"http:\/\/projects.upei.ca\/mais\/files\/2018\/02\/5-J\u00f6kuls\u00e1rl\u00f3n-Glacier-Lagoon-3.jpg\"><img loading=\"lazy\" decoding=\"async\" class=\"size-medium wp-image-198 alignright\" src=\"http:\/\/projects.upei.ca\/mais\/files\/2018\/02\/5-J\u00f6kuls\u00e1rl\u00f3n-Glacier-Lagoon-3-300x225.jpg\" alt=\"\" width=\"300\" height=\"225\" srcset=\"https:\/\/projects.upei.ca\/mais\/files\/2018\/02\/5-J\u00f6kuls\u00e1rl\u00f3n-Glacier-Lagoon-3-300x225.jpg 300w, https:\/\/projects.upei.ca\/mais\/files\/2018\/02\/5-J\u00f6kuls\u00e1rl\u00f3n-Glacier-Lagoon-3-768x576.jpg 768w, https:\/\/projects.upei.ca\/mais\/files\/2018\/02\/5-J\u00f6kuls\u00e1rl\u00f3n-Glacier-Lagoon-3-1024x768.jpg 1024w, https:\/\/projects.upei.ca\/mais\/files\/2018\/02\/5-J\u00f6kuls\u00e1rl\u00f3n-Glacier-Lagoon-3-400x300.jpg 400w\" sizes=\"(max-width: 300px) 100vw, 300px\" \/><\/a>The strong waves, however, throw many of the smaller chunks of ice back up on the shore, leaving it littered with what look to be giant crystals.<\/p>\n<p><\/p>\n<p><\/p>\n<p><\/p>\n<p><a href=\"http:\/\/projects.upei.ca\/mais\/files\/2018\/02\/6-J\u00f6kuls\u00e1rl\u00f3n-Glacier-Lagoon-4.jpg\"><img loading=\"lazy\" decoding=\"async\" class=\"size-medium wp-image-199 alignleft\" src=\"http:\/\/projects.upei.ca\/mais\/files\/2018\/02\/6-J\u00f6kuls\u00e1rl\u00f3n-Glacier-Lagoon-4-300x225.jpg\" alt=\"\" width=\"300\" height=\"225\" srcset=\"https:\/\/projects.upei.ca\/mais\/files\/2018\/02\/6-J\u00f6kuls\u00e1rl\u00f3n-Glacier-Lagoon-4-300x225.jpg 300w, https:\/\/projects.upei.ca\/mais\/files\/2018\/02\/6-J\u00f6kuls\u00e1rl\u00f3n-Glacier-Lagoon-4-768x576.jpg 768w, https:\/\/projects.upei.ca\/mais\/files\/2018\/02\/6-J\u00f6kuls\u00e1rl\u00f3n-Glacier-Lagoon-4-1024x768.jpg 1024w, https:\/\/projects.upei.ca\/mais\/files\/2018\/02\/6-J\u00f6kuls\u00e1rl\u00f3n-Glacier-Lagoon-4-400x300.jpg 400w\" sizes=\"(max-width: 300px) 100vw, 300px\" \/><\/a>I was amazed to find such beauty amidst such a rugged land and seascape.<\/p>\n<p><\/p>\n<p><\/p>\n<p><\/p>\n<p><\/p>\n<p><strong>Heimaey<\/strong><\/p>\n<p><a href=\"http:\/\/projects.upei.ca\/mais\/files\/2018\/02\/7-Heimaey-Vestmannaeyjar-1.jpg\"><img loading=\"lazy\" decoding=\"async\" class=\" wp-image-200 alignright\" src=\"http:\/\/projects.upei.ca\/mais\/files\/2018\/02\/7-Heimaey-Vestmannaeyjar-1-300x225.jpg\" alt=\"\" width=\"380\" height=\"289\" \/><\/a>My favorite part of our adventure was the several days we spent on Heimaey, the only inhabited island in Vestmannaeyjar, an archipelago off the south coast of Iceland.<\/p>\n<p>Despite the significantly different landscape, being on Heimaey felt a little bit like being at home on PEI.\u00a0 The reservation I sensed on mainland Iceland was gone and in its place was a genuine feeling of welcomeness and community. I was overwhelmed when, upon hearing that Jason was a golfer, one of the staff at our hotel insisted upon getting a friend to lend Jason golf clubs so that he could play on the island\u2019s spectacular course.<\/p>\n<p><a href=\"http:\/\/projects.upei.ca\/mais\/files\/2018\/02\/8-Heimaey-Vestmannaeyjar-2.jpg\"><img loading=\"lazy\" decoding=\"async\" class=\"wp-image-201 alignleft\" src=\"http:\/\/projects.upei.ca\/mais\/files\/2018\/02\/8-Heimaey-Vestmannaeyjar-2-300x225.jpg\" alt=\"\" width=\"340\" height=\"258\" \/><\/a><\/p>\n<p>As well, the visceral fear I felt toward the sea had dissipated. Perhaps I had merely adjusted after a long and very rough ferry ride that left me greener in the gills than I care to remember. But, after looking back at the two photos shown here, I think it has something to do with a comfort that comes from a sheltered harbour and a not-too-distant mainland shore, the juxtaposition of boundedness and connectedness. It reminds me of the name the Mi\u2019kmaq gave to PEI:\u00a0 Abegweit, meaning \u201ccradled on the waves.\u201d<\/p>\n<p>What also makes Heimaey\u2019s relationship with the ocean unique is that the ocean was a source of salvation. In 1973, a volcano erupted, creating a lava flow that threatened to close off Heimaey\u2019s harbour, which was and continues to be vital to the Icelandic fishing industry. The harbour was ultimately saved by pumping seawater onto the lava to cool it down and halt the flow. The 1973 eruption is also a testament to Icelandic resiliency.\u00a0 After large-scale evacuation and significant devastation, the majority of Heimaey\u2019s citizens returned and the island successfully recovered from the disaster (Lederer, 1989).<\/p>\n<p>Reflecting on a journey taken years before entering the MAIS program, I am encouraged to find so much relevance to island studies themes. Not only does it highlight the significance of the sea to island studies, but it demonstrates that I am where I\u2019m meant to be.<\/p>\n<p><strong>References<\/strong><\/p>\n<p>David, L. (Creator), Seinfeld, S. (Creator), Hauge, R. (Writer), Rubin, C. (Writer), &amp; Cherones, T. (Director). (1994). The Marine Biologist [Television series episode]. In David, L., Shapiro, G., &amp; West, H. (Executive Producers), <em>Seinfeld<\/em>. \u00a0New York City, New York:\u00a0 National Broadcasting Company.<\/p>\n<p>Lederer, E. (1989, August 20). 1973 Eruption Nearly Destroyed Town: Icelandic Isle, Grown Larger by 20%, Builds on Its Volcanic Past.\u00a0 <em>Los Angeles Times<\/em>.\u00a0 Retrieved from http:\/\/www.latimes.com\/<\/p>\n<p><\/p>\n<p><\/p>\n\n\n<div style=\"height:68px\" aria-hidden=\"true\" class=\"wp-block-spacer\"><\/div>\n\n\n\n<hr class=\"wp-block-separator\" \/>\n\n\n\n<p class=\"has-text-align-center has-small-font-size\"><a href=\"https:\/\/projects.upei.ca\/mais\/walk-on-the-edge-2018\/\" data-type=\"page\" data-id=\"152\">RETURN TO <em>A WALK ON THE EDGE 2018<\/em><\/a><\/p>\n","protected":false},"excerpt":{"rendered":"<p>A Walk on the Edge: IcelandCrystal Burrows It was Fall 2014 and my husband, Jason, the trip-planner of the family, and I travelled to Iceland. At that time, I was not even aware of the Master of Arts in Island Studies (MAIS) program, let alone thinking of how I might [&hellip;]<\/p>\n","protected":false},"author":107,"featured_media":0,"parent":152,"menu_order":0,"comment_status":"closed","ping_status":"closed","template":"","meta":{"footnotes":""},"tags":[],"jetpack_sharing_enabled":true,"_links":{"self":[{"href":"https:\/\/projects.upei.ca\/mais\/wp-json\/wp\/v2\/pages\/197"}],"collection":[{"href":"https:\/\/projects.upei.ca\/mais\/wp-json\/wp\/v2\/pages"}],"about":[{"href":"https:\/\/projects.upei.ca\/mais\/wp-json\/wp\/v2\/types\/page"}],"author":[{"embeddable":true,"href":"https:\/\/projects.upei.ca\/mais\/wp-json\/wp\/v2\/users\/107"}],"replies":[{"embeddable":true,"href":"https:\/\/projects.upei.ca\/mais\/wp-json\/wp\/v2\/comments?post=197"}],"version-history":[{"count":5,"href":"https:\/\/projects.upei.ca\/mais\/wp-json\/wp\/v2\/pages\/197\/revisions"}],"predecessor-version":[{"id":1518,"href":"https:\/\/projects.upei.ca\/mais\/wp-json\/wp\/v2\/pages\/197\/revisions\/1518"}],"up":[{"embeddable":true,"href":"https:\/\/projects.upei.ca\/mais\/wp-json\/wp\/v2\/pages\/152"}],"wp:attachment":[{"href":"https:\/\/projects.upei.ca\/mais\/wp-json\/wp\/v2\/media?parent=197"}],"wp:term":[{"taxonomy":"post_tag","embeddable":true,"href":"https:\/\/projects.upei.ca\/mais\/wp-json\/wp\/v2\/tags?post=197"}],"curies":[{"name":"wp","href":"https:\/\/api.w.org\/{rel}","templated":true}]}}