{"id":3834,"date":"2021-03-15T12:10:29","date_gmt":"2021-03-15T15:10:29","guid":{"rendered":"http:\/\/islandstudies.com\/files\/2021\/03\/bernhardsdo\u0301ttir-photo-edited.jpg"},"modified":"2021-03-15T12:10:29","modified_gmt":"2021-03-15T15:10:29","slug":"felagsvisindasvid-doktorsvorn-asthildur-elva-bernhardsdottir-2","status":"inherit","type":"attachment","link":"https:\/\/projects.upei.ca\/oldiis\/felagsvisindasvid-doktorsvorn-asthildur-elva-bernhardsdottir-2\/","title":{"rendered":"F\u00e9lagsv\u00edsindasvi\u00f0 &#8211; Doktorsv\u00f6rn &#8211; \u00c1sthildur Elva Bernhar\u00f0sd\u00f3ttir"},"author":107,"comment_status":"open","ping_status":"closed","template":"","meta":[],"jetpack_sharing_enabled":true,"jetpack_shortlink":"https:\/\/wp.me\/acHTOp-ZQ","description":{"rendered":"<p class=\"attachment\"><a href='https:\/\/projects.upei.ca\/oldiis\/files\/2021\/03\/bernhardsdo\u0301ttir-photo-edited.jpg'><img loading=\"lazy\" decoding=\"async\" width=\"298\" height=\"300\" src=\"https:\/\/projects.upei.ca\/oldiis\/files\/2021\/03\/bernhardsdo\u0301ttir-photo-edited-298x300.jpg\" class=\"attachment-medium size-medium\" alt=\"\" srcset=\"https:\/\/projects.upei.ca\/oldiis\/files\/2021\/03\/bernhardsdo\u0301ttir-photo-edited-298x300.jpg 298w, https:\/\/projects.upei.ca\/oldiis\/files\/2021\/03\/bernhardsdo\u0301ttir-photo-edited-150x150.jpg 150w, https:\/\/projects.upei.ca\/oldiis\/files\/2021\/03\/bernhardsdo\u0301ttir-photo-edited.jpg 395w\" sizes=\"(max-width: 298px) 100vw, 298px\" \/><\/a><\/p>\n"},"caption":{"rendered":""},"alt_text":"","media_type":"image","mime_type":"image\/jpeg","media_details":{"width":395,"height":398,"file":"2021\/03\/bernhardsdo\u0301ttir-photo-edited.jpg","sizes":{"medium":{"file":"bernhardsdo\u0301ttir-photo-edited-298x300.jpg","width":298,"height":300,"mime_type":"image\/jpeg","source_url":"https:\/\/projects.upei.ca\/oldiis\/files\/2021\/03\/bernhardsdo\u0301ttir-photo-edited-298x300.jpg"},"thumbnail":{"file":"bernhardsdo\u0301ttir-photo-edited-150x150.jpg","width":150,"height":150,"mime_type":"image\/jpeg","source_url":"https:\/\/projects.upei.ca\/oldiis\/files\/2021\/03\/bernhardsdo\u0301ttir-photo-edited-150x150.jpg"},"post-thumbnail":{"file":"bernhardsdo\u0301ttir-photo-edited-395x288.jpg","width":395,"height":288,"mime_type":"image\/jpeg","source_url":"https:\/\/projects.upei.ca\/oldiis\/files\/2021\/03\/bernhardsdo\u0301ttir-photo-edited-395x288.jpg"},"large-feature":{"file":"bernhardsdo\u0301ttir-photo-edited-395x288.jpg","width":395,"height":288,"mime_type":"image\/jpeg","source_url":"https:\/\/projects.upei.ca\/oldiis\/files\/2021\/03\/bernhardsdo\u0301ttir-photo-edited-395x288.jpg"},"small-feature":{"file":"bernhardsdo\u0301ttir-photo-edited-298x300.jpg","width":298,"height":300,"mime_type":"image\/jpeg","source_url":"https:\/\/projects.upei.ca\/oldiis\/files\/2021\/03\/bernhardsdo\u0301ttir-photo-edited-298x300.jpg"},"full":{"file":"bernhardsdo\u0301ttir-photo-edited.jpg","width":395,"height":398,"mime_type":"image\/jpeg","source_url":"https:\/\/projects.upei.ca\/oldiis\/files\/2021\/03\/bernhardsdo\u0301ttir-photo-edited.jpg"}},"image_meta":{"aperture":"5.6","credit":"Lj\u00f3smynd\/Kristinn Ingvarsson","camera":"Canon EOS 5D Mark II","caption":"","created_timestamp":"1387375422","copyright":"\u00a9Kristinn Ingvarsson","focal_length":"32","iso":"800","shutter_speed":"0.0125","title":"F\u00e9lagsv\u00edsindasvi\u00f0 - Doktorsv\u00f6rn - \u00c1sthildur Elva Bernhar\u00f0sd\u00f3ttir","orientation":1,"keywords":[]},"parent_image":{"attachment_id":"3833","file":"2021\/03\/bernhardsdo\u0301ttir-photo.jpg"}},"post":null,"source_url":"https:\/\/projects.upei.ca\/oldiis\/files\/2021\/03\/bernhardsdo\u0301ttir-photo-edited.jpg","_links":{"self":[{"href":"https:\/\/projects.upei.ca\/oldiis\/wp-json\/wp\/v2\/media\/3834"}],"collection":[{"href":"https:\/\/projects.upei.ca\/oldiis\/wp-json\/wp\/v2\/media"}],"about":[{"href":"https:\/\/projects.upei.ca\/oldiis\/wp-json\/wp\/v2\/types\/attachment"}],"author":[{"embeddable":true,"href":"https:\/\/projects.upei.ca\/oldiis\/wp-json\/wp\/v2\/users\/107"}],"replies":[{"embeddable":true,"href":"https:\/\/projects.upei.ca\/oldiis\/wp-json\/wp\/v2\/comments?post=3834"}]}}

Félagsvísindasvið &#8211; Doktorsvörn &#8211; Ásthildur Elva Bernharðsdóttir

Ljósmynd/Kristinn Ingvarsson

Félagsvísindasvið - Doktorsvörn - Ásthildur Elva Bernharðsdóttir
