{"id":10,"date":"2024-05-06T12:09:36","date_gmt":"2024-05-06T15:09:36","guid":{"rendered":"https:\/\/projects.upei.ca\/seiblab\/?page_id=10"},"modified":"2025-11-14T12:51:37","modified_gmt":"2025-11-14T16:51:37","slug":"lab-members","status":"publish","type":"page","link":"https:\/\/projects.upei.ca\/seiblab\/lab-members\/","title":{"rendered":"Lab members"},"content":{"rendered":"<div class=\"wp-block-image\">\n<figure class=\"alignleft size-large is-resized\"><img loading=\"lazy\" decoding=\"async\" width=\"908\" height=\"908\" src=\"https:\/\/projects.upei.ca\/seiblab\/files\/2024\/05\/Desiree-Seib-headshot-edited.jpg\" alt=\"\" class=\"wp-image-48\" style=\"width:178px;height:auto\" srcset=\"https:\/\/projects.upei.ca\/seiblab\/files\/2024\/05\/Desiree-Seib-headshot-edited.jpg 908w, https:\/\/projects.upei.ca\/seiblab\/files\/2024\/05\/Desiree-Seib-headshot-edited-300x300.jpg 300w, https:\/\/projects.upei.ca\/seiblab\/files\/2024\/05\/Desiree-Seib-headshot-edited-150x150.jpg 150w, https:\/\/projects.upei.ca\/seiblab\/files\/2024\/05\/Desiree-Seib-headshot-edited-768x768.jpg 768w\" sizes=\"(max-width: 908px) 100vw, 908px\" \/><\/figure><\/div>\n\n\n<p class=\"has-medium-font-size\"><strong>Dr. D\u00e9sir\u00e9e Seib, PhD<\/strong><\/p>\n\n\n\n<p>Assistant Professor in the Department of Biology<\/p>\n\n\n\n<p>Jeanne and J.-Louis L\u00e9vesque Research Chair in Human Health<\/p>\n\n\n\n<div class=\"wp-block-buttons has-custom-font-size has-small-font-size is-layout-flex wp-block-buttons-is-layout-flex\">\n<div class=\"wp-block-button\"><a class=\"wp-block-button__link wp-element-button\" href=\"https:\/\/scholar.google.com\/citations?hl=en&amp;user=1J5LC4cAAAAJ&amp;view_op=list_works&amp;authuser=1&amp;sortby=pubdate\">Google Scholar<\/a><\/div>\n\n\n\n<div class=\"wp-block-button\"><a class=\"wp-block-button__link wp-element-button\" href=\"https:\/\/twitter.com\/DesireeSeib\">Twitter<\/a><\/div>\n\n\n\n<div class=\"wp-block-button\"><a class=\"wp-block-button__link wp-element-button\" href=\"http:\/\/www.desireeseib.com\">desireeseib.com<\/a><\/div>\n\n\n\n<div class=\"wp-block-button\"><a class=\"wp-block-button__link wp-element-button\" href=\"https:\/\/islandscholar.ca\/people\/dseib\">Island scholar<\/a><\/div>\n<\/div>\n\n\n\n<hr class=\"wp-block-separator alignwide has-alpha-channel-opacity is-style-wide\" \/>\n\n\n\n<p class=\"has-large-font-size\"><strong>Current lab members<\/strong><\/p>\n\n\n<div class=\"wp-block-image\">\n<figure class=\"alignleft size-large is-resized\"><img loading=\"lazy\" decoding=\"async\" width=\"2227\" height=\"2227\" src=\"https:\/\/projects.upei.ca\/seiblab\/files\/2024\/08\/IMG_52451-edited.jpg\" alt=\"\" class=\"wp-image-154\" style=\"width:177px;height:auto\" srcset=\"https:\/\/projects.upei.ca\/seiblab\/files\/2024\/08\/IMG_52451-edited.jpg 2227w, https:\/\/projects.upei.ca\/seiblab\/files\/2024\/08\/IMG_52451-edited-300x300.jpg 300w, https:\/\/projects.upei.ca\/seiblab\/files\/2024\/08\/IMG_52451-edited-1024x1024.jpg 1024w, https:\/\/projects.upei.ca\/seiblab\/files\/2024\/08\/IMG_52451-edited-150x150.jpg 150w, https:\/\/projects.upei.ca\/seiblab\/files\/2024\/08\/IMG_52451-edited-768x768.jpg 768w, https:\/\/projects.upei.ca\/seiblab\/files\/2024\/08\/IMG_52451-edited-1536x1536.jpg 1536w, https:\/\/projects.upei.ca\/seiblab\/files\/2024\/08\/IMG_52451-edited-2048x2048.jpg 2048w\" sizes=\"(max-width: 2227px) 100vw, 2227px\" \/><\/figure><\/div>\n\n\n<p class=\"has-medium-font-size\"><strong>Rylie Kane<\/strong>, B.Sc.<\/p>\n\n\n\n<p>Master&#8217;s student<\/p>\n\n\n\n<hr class=\"wp-block-separator alignwide has-alpha-channel-opacity is-style-wide\" \/>\n\n\n<div class=\"wp-block-image\">\n<figure class=\"alignleft size-full is-resized\"><img loading=\"lazy\" decoding=\"async\" width=\"720\" height=\"720\" src=\"https:\/\/projects.upei.ca\/seiblab\/files\/2024\/07\/IMG_6198-edited.jpeg\" alt=\"\" class=\"wp-image-146\" style=\"width:177px;height:auto\" srcset=\"https:\/\/projects.upei.ca\/seiblab\/files\/2024\/07\/IMG_6198-edited.jpeg 720w, https:\/\/projects.upei.ca\/seiblab\/files\/2024\/07\/IMG_6198-edited-300x300.jpeg 300w, https:\/\/projects.upei.ca\/seiblab\/files\/2024\/07\/IMG_6198-edited-150x150.jpeg 150w\" sizes=\"(max-width: 720px) 100vw, 720px\" \/><\/figure><\/div>\n\n\n<p class=\"has-medium-font-size\"><strong>Riley Arsenault<\/strong><\/p>\n\n\n\n<p>Honour&#8217;s student, L\u00e9vesque USRA student<\/p>\n\n\n\n<hr class=\"wp-block-separator alignwide has-alpha-channel-opacity is-style-wide\" \/>\n\n\n<div class=\"wp-block-image\">\n<figure class=\"alignleft size-large is-resized\"><img loading=\"lazy\" decoding=\"async\" width=\"1024\" height=\"1024\" src=\"https:\/\/projects.upei.ca\/seiblab\/files\/2025\/05\/IMG_0392-edited-1024x1024.jpeg\" alt=\"\" class=\"wp-image-159\" style=\"width:177px\" srcset=\"https:\/\/projects.upei.ca\/seiblab\/files\/2025\/05\/IMG_0392-edited-1024x1024.jpeg 1024w, https:\/\/projects.upei.ca\/seiblab\/files\/2025\/05\/IMG_0392-edited-300x300.jpeg 300w, https:\/\/projects.upei.ca\/seiblab\/files\/2025\/05\/IMG_0392-edited-150x150.jpeg 150w, https:\/\/projects.upei.ca\/seiblab\/files\/2025\/05\/IMG_0392-edited-768x769.jpeg 768w, https:\/\/projects.upei.ca\/seiblab\/files\/2025\/05\/IMG_0392-edited.jpeg 1145w\" sizes=\"(max-width: 1024px) 100vw, 1024px\" \/><\/figure><\/div>\n\n\n<p class=\"has-medium-font-size\"><strong>MacKenzie Ward<\/strong><\/p>\n\n\n\n<p>Honour&#8217;s student<\/p>\n\n\n\n<hr class=\"wp-block-separator alignwide has-alpha-channel-opacity is-style-wide\" \/>\n\n\n<div class=\"wp-block-image\">\n<figure class=\"alignleft size-large is-resized\"><img loading=\"lazy\" decoding=\"async\" width=\"794\" height=\"794\" src=\"https:\/\/projects.upei.ca\/seiblab\/files\/2025\/05\/IMG_4878-edited-1.jpg\" alt=\"\" class=\"wp-image-162\" style=\"width:177px\" srcset=\"https:\/\/projects.upei.ca\/seiblab\/files\/2025\/05\/IMG_4878-edited-1.jpg 794w, https:\/\/projects.upei.ca\/seiblab\/files\/2025\/05\/IMG_4878-edited-1-300x300.jpg 300w, https:\/\/projects.upei.ca\/seiblab\/files\/2025\/05\/IMG_4878-edited-1-150x150.jpg 150w, https:\/\/projects.upei.ca\/seiblab\/files\/2025\/05\/IMG_4878-edited-1-768x768.jpg 768w\" sizes=\"(max-width: 794px) 100vw, 794px\" \/><\/figure><\/div>\n\n\n<p class=\"has-medium-font-size\"><strong>Bridgid Gallagher<\/strong><\/p>\n\n\n\n<p>Honour&#8217;s student, NSERC USRA student<\/p>\n\n\n\n<hr class=\"wp-block-separator alignwide has-alpha-channel-opacity is-style-wide\" \/>\n\n\n<div class=\"wp-block-image\">\n<figure class=\"alignleft size-large is-resized\"><img loading=\"lazy\" decoding=\"async\" width=\"1027\" height=\"1027\" src=\"https:\/\/projects.upei.ca\/seiblab\/files\/2025\/05\/5-DREADD-P1-edited.jpg\" alt=\"\" class=\"wp-image-163\" style=\"width:177px\" srcset=\"https:\/\/projects.upei.ca\/seiblab\/files\/2025\/05\/5-DREADD-P1-edited.jpg 1027w, https:\/\/projects.upei.ca\/seiblab\/files\/2025\/05\/5-DREADD-P1-edited-300x300.jpg 300w, https:\/\/projects.upei.ca\/seiblab\/files\/2025\/05\/5-DREADD-P1-edited-1024x1024.jpg 1024w, https:\/\/projects.upei.ca\/seiblab\/files\/2025\/05\/5-DREADD-P1-edited-150x150.jpg 150w, https:\/\/projects.upei.ca\/seiblab\/files\/2025\/05\/5-DREADD-P1-edited-768x768.jpg 768w\" sizes=\"(max-width: 1027px) 100vw, 1027px\" \/><\/figure><\/div>\n\n\n<p class=\"has-medium-font-size\"><strong>Jenny Ferrara<\/strong><\/p>\n\n\n\n<p>Honour&#8217;s student<\/p>\n\n\n\n<hr class=\"wp-block-separator alignwide has-alpha-channel-opacity is-style-wide\" \/>\n\n\n<div class=\"wp-block-image\">\n<figure class=\"alignleft size-large is-resized\"><img loading=\"lazy\" decoding=\"async\" width=\"1024\" height=\"1024\" src=\"http:\/\/projects.upei.ca\/seiblab\/files\/2024\/05\/GFP-10-w-3-copy-1024x1024.png\" alt=\"\" class=\"wp-image-40\" style=\"width:177px\" srcset=\"https:\/\/projects.upei.ca\/seiblab\/files\/2024\/05\/GFP-10-w-3-copy-1024x1024.png 1024w, https:\/\/projects.upei.ca\/seiblab\/files\/2024\/05\/GFP-10-w-3-copy-300x300.png 300w, https:\/\/projects.upei.ca\/seiblab\/files\/2024\/05\/GFP-10-w-3-copy-150x150.png 150w, https:\/\/projects.upei.ca\/seiblab\/files\/2024\/05\/GFP-10-w-3-copy-768x768.png 768w, https:\/\/projects.upei.ca\/seiblab\/files\/2024\/05\/GFP-10-w-3-copy-1536x1536.png 1536w, https:\/\/projects.upei.ca\/seiblab\/files\/2024\/05\/GFP-10-w-3-copy-2048x2048.png 2048w\" sizes=\"(max-width: 1024px) 100vw, 1024px\" \/><\/figure><\/div>\n\n\n<p class=\"has-medium-font-size\"><strong>Obumneme Agbo<\/strong><\/p>\n\n\n\n<p>Volunteer student<\/p>\n\n\n\n<hr class=\"wp-block-separator alignwide has-alpha-channel-opacity is-style-wide\" \/>\n\n\n<div class=\"wp-block-image\">\n<figure class=\"alignleft size-large is-resized\"><img loading=\"lazy\" decoding=\"async\" width=\"1024\" height=\"1024\" src=\"http:\/\/projects.upei.ca\/seiblab\/files\/2024\/05\/GFP-10-w-3-copy-1024x1024.png\" alt=\"\" class=\"wp-image-40\" style=\"width:177px\" srcset=\"https:\/\/projects.upei.ca\/seiblab\/files\/2024\/05\/GFP-10-w-3-copy-1024x1024.png 1024w, https:\/\/projects.upei.ca\/seiblab\/files\/2024\/05\/GFP-10-w-3-copy-300x300.png 300w, https:\/\/projects.upei.ca\/seiblab\/files\/2024\/05\/GFP-10-w-3-copy-150x150.png 150w, https:\/\/projects.upei.ca\/seiblab\/files\/2024\/05\/GFP-10-w-3-copy-768x768.png 768w, https:\/\/projects.upei.ca\/seiblab\/files\/2024\/05\/GFP-10-w-3-copy-1536x1536.png 1536w, https:\/\/projects.upei.ca\/seiblab\/files\/2024\/05\/GFP-10-w-3-copy-2048x2048.png 2048w\" sizes=\"(max-width: 1024px) 100vw, 1024px\" \/><\/figure><\/div>\n\n\n<p class=\"has-medium-font-size\"><strong>Ashton Johnstone<\/strong><\/p>\n\n\n\n<p>Directed studies student<\/p>\n\n\n\n<hr class=\"wp-block-separator alignwide has-alpha-channel-opacity is-style-wide\" \/>\n\n\n<div class=\"wp-block-image\">\n<figure class=\"alignleft size-large is-resized\"><img loading=\"lazy\" decoding=\"async\" width=\"1024\" height=\"1024\" src=\"http:\/\/projects.upei.ca\/seiblab\/files\/2024\/05\/GFP-10-w-3-copy-1024x1024.png\" alt=\"\" class=\"wp-image-40\" style=\"width:177px\" srcset=\"https:\/\/projects.upei.ca\/seiblab\/files\/2024\/05\/GFP-10-w-3-copy-1024x1024.png 1024w, https:\/\/projects.upei.ca\/seiblab\/files\/2024\/05\/GFP-10-w-3-copy-300x300.png 300w, https:\/\/projects.upei.ca\/seiblab\/files\/2024\/05\/GFP-10-w-3-copy-150x150.png 150w, https:\/\/projects.upei.ca\/seiblab\/files\/2024\/05\/GFP-10-w-3-copy-768x768.png 768w, https:\/\/projects.upei.ca\/seiblab\/files\/2024\/05\/GFP-10-w-3-copy-1536x1536.png 1536w, https:\/\/projects.upei.ca\/seiblab\/files\/2024\/05\/GFP-10-w-3-copy-2048x2048.png 2048w\" sizes=\"(max-width: 1024px) 100vw, 1024px\" \/><\/figure><\/div>\n\n\n<p class=\"has-medium-font-size\"><strong>Ava Velayati<\/strong><\/p>\n\n\n\n<p>Directed studies student<\/p>\n\n\n\n<hr class=\"wp-block-separator alignwide has-alpha-channel-opacity is-style-wide\" \/>\n\n\n\n<p class=\"has-large-font-size\"><strong>Lab Alumni<\/strong><\/p>\n\n\n<div class=\"wp-block-image\">\n<figure class=\"alignleft size-large is-resized\"><img loading=\"lazy\" decoding=\"async\" width=\"661\" height=\"661\" src=\"https:\/\/projects.upei.ca\/seiblab\/files\/2024\/06\/Maria-edited.jpg\" alt=\"\" class=\"wp-image-124\" style=\"width:177px\" srcset=\"https:\/\/projects.upei.ca\/seiblab\/files\/2024\/06\/Maria-edited.jpg 661w, https:\/\/projects.upei.ca\/seiblab\/files\/2024\/06\/Maria-edited-300x300.jpg 300w, https:\/\/projects.upei.ca\/seiblab\/files\/2024\/06\/Maria-edited-150x150.jpg 150w\" sizes=\"(max-width: 661px) 100vw, 661px\" \/><\/figure><\/div>\n\n\n<p class=\"has-medium-font-size\"><strong>Maria Campeanu<\/strong>, B.Sc.<\/p>\n\n\n\n<p>NSERC-USRA student, Honour&#8217;s student<\/p>\n\n\n\n<hr class=\"wp-block-separator alignwide has-alpha-channel-opacity is-style-wide\" \/>\n\n\n<div class=\"wp-block-image\">\n<figure class=\"alignleft size-large is-resized\"><img loading=\"lazy\" decoding=\"async\" width=\"1408\" height=\"1409\" src=\"https:\/\/projects.upei.ca\/seiblab\/files\/2024\/07\/IMG_3909-edited.jpg\" alt=\"\" class=\"wp-image-137\" style=\"width:177px\" srcset=\"https:\/\/projects.upei.ca\/seiblab\/files\/2024\/07\/IMG_3909-edited.jpg 1408w, https:\/\/projects.upei.ca\/seiblab\/files\/2024\/07\/IMG_3909-edited-300x300.jpg 300w, https:\/\/projects.upei.ca\/seiblab\/files\/2024\/07\/IMG_3909-edited-1024x1024.jpg 1024w, https:\/\/projects.upei.ca\/seiblab\/files\/2024\/07\/IMG_3909-edited-150x150.jpg 150w, https:\/\/projects.upei.ca\/seiblab\/files\/2024\/07\/IMG_3909-edited-768x769.jpg 768w\" sizes=\"(max-width: 1408px) 100vw, 1408px\" \/><\/figure><\/div>\n\n\n<p class=\"has-medium-font-size\"><strong>Zaid Daqa<\/strong>, B.Sc.<\/p>\n\n\n\n<p>Directed studies student<\/p>\n\n\n\n<hr class=\"wp-block-separator alignwide has-alpha-channel-opacity is-style-wide\" \/>\n\n\n<div class=\"wp-block-image\">\n<figure class=\"alignleft size-large is-resized\"><img loading=\"lazy\" decoding=\"async\" width=\"866\" height=\"866\" src=\"https:\/\/projects.upei.ca\/seiblab\/files\/2024\/06\/PXL_20230622_215058868-edited.jpg\" alt=\"\" class=\"wp-image-132\" style=\"width:177px\" srcset=\"https:\/\/projects.upei.ca\/seiblab\/files\/2024\/06\/PXL_20230622_215058868-edited.jpg 866w, https:\/\/projects.upei.ca\/seiblab\/files\/2024\/06\/PXL_20230622_215058868-edited-300x300.jpg 300w, https:\/\/projects.upei.ca\/seiblab\/files\/2024\/06\/PXL_20230622_215058868-edited-150x150.jpg 150w, https:\/\/projects.upei.ca\/seiblab\/files\/2024\/06\/PXL_20230622_215058868-edited-768x768.jpg 768w\" sizes=\"(max-width: 866px) 100vw, 866px\" \/><\/figure><\/div>\n\n\n<p class=\"has-medium-font-size\"><strong>Azura Saunders<\/strong>, B.Sc.<\/p>\n\n\n\n<p>Directed studies student<\/p>\n\n\n\n<hr class=\"wp-block-separator alignwide has-alpha-channel-opacity is-style-wide\" \/>\n\n\n<div class=\"wp-block-image\">\n<figure class=\"alignleft size-large is-resized\"><img loading=\"lazy\" decoding=\"async\" width=\"1024\" height=\"1024\" src=\"http:\/\/projects.upei.ca\/seiblab\/files\/2024\/05\/6-cyto-red-1024x1024.jpg\" alt=\"\" class=\"wp-image-38\" style=\"width:177px\" srcset=\"https:\/\/projects.upei.ca\/seiblab\/files\/2024\/05\/6-cyto-red-1024x1024.jpg 1024w, https:\/\/projects.upei.ca\/seiblab\/files\/2024\/05\/6-cyto-red-300x300.jpg 300w, https:\/\/projects.upei.ca\/seiblab\/files\/2024\/05\/6-cyto-red-150x150.jpg 150w, https:\/\/projects.upei.ca\/seiblab\/files\/2024\/05\/6-cyto-red-768x768.jpg 768w, https:\/\/projects.upei.ca\/seiblab\/files\/2024\/05\/6-cyto-red-1536x1536.jpg 1536w, https:\/\/projects.upei.ca\/seiblab\/files\/2024\/05\/6-cyto-red.jpg 2048w\" sizes=\"(max-width: 1024px) 100vw, 1024px\" \/><\/figure><\/div>\n\n\n<p class=\"has-medium-font-size\"><strong>Victor Singh<\/strong>, B.Sc.<\/p>\n\n\n\n<p>Summer student<\/p>\n\n\n\n<hr class=\"wp-block-separator alignwide has-alpha-channel-opacity is-style-wide\" \/>\n\n\n<div class=\"wp-block-image\">\n<figure class=\"alignleft size-full is-resized\"><img loading=\"lazy\" decoding=\"async\" width=\"1024\" height=\"1024\" src=\"http:\/\/projects.upei.ca\/seiblab\/files\/2024\/05\/7-cyto-green.jpg\" alt=\"\" class=\"wp-image-39\" style=\"width:177px\" srcset=\"https:\/\/projects.upei.ca\/seiblab\/files\/2024\/05\/7-cyto-green.jpg 1024w, https:\/\/projects.upei.ca\/seiblab\/files\/2024\/05\/7-cyto-green-300x300.jpg 300w, https:\/\/projects.upei.ca\/seiblab\/files\/2024\/05\/7-cyto-green-150x150.jpg 150w, https:\/\/projects.upei.ca\/seiblab\/files\/2024\/05\/7-cyto-green-768x768.jpg 768w\" sizes=\"(max-width: 1024px) 100vw, 1024px\" \/><\/figure><\/div>\n\n\n<p class=\"has-medium-font-size\"><strong>Alexis Walker<\/strong><\/p>\n\n\n\n<p>Directed studies student<\/p>\n\n\n\n<hr class=\"wp-block-separator alignwide has-alpha-channel-opacity is-style-wide\" \/>\n\n\n<div class=\"wp-block-image\">\n<figure class=\"alignleft size-large is-resized\"><img loading=\"lazy\" decoding=\"async\" width=\"1409\" height=\"1409\" src=\"https:\/\/projects.upei.ca\/seiblab\/files\/2024\/06\/Seib-Lab-Photo-edited.jpeg\" alt=\"\" class=\"wp-image-129\" style=\"width:177px\" srcset=\"https:\/\/projects.upei.ca\/seiblab\/files\/2024\/06\/Seib-Lab-Photo-edited.jpeg 1409w, https:\/\/projects.upei.ca\/seiblab\/files\/2024\/06\/Seib-Lab-Photo-edited-300x300.jpeg 300w, https:\/\/projects.upei.ca\/seiblab\/files\/2024\/06\/Seib-Lab-Photo-edited-1024x1024.jpeg 1024w, https:\/\/projects.upei.ca\/seiblab\/files\/2024\/06\/Seib-Lab-Photo-edited-150x150.jpeg 150w, https:\/\/projects.upei.ca\/seiblab\/files\/2024\/06\/Seib-Lab-Photo-edited-768x768.jpeg 768w\" sizes=\"(max-width: 1409px) 100vw, 1409px\" \/><\/figure><\/div>\n\n\n<p class=\"has-medium-font-size\"><strong>Debby Ige<\/strong>, B.Sc.<\/p>\n\n\n\n<p>NSERC-USRA student<\/p>\n\n\n\n<hr class=\"wp-block-separator alignwide has-alpha-channel-opacity is-style-wide\" \/>\n\n\n<div class=\"wp-block-image\">\n<figure class=\"alignleft size-full is-resized\"><img loading=\"lazy\" decoding=\"async\" width=\"1920\" height=\"1920\" src=\"https:\/\/projects.upei.ca\/seiblab\/files\/2024\/06\/Ella-lab-website-edited.jpeg\" alt=\"\" class=\"wp-image-118\" style=\"width:177px\" srcset=\"https:\/\/projects.upei.ca\/seiblab\/files\/2024\/06\/Ella-lab-website-edited.jpeg 1920w, https:\/\/projects.upei.ca\/seiblab\/files\/2024\/06\/Ella-lab-website-edited-300x300.jpeg 300w, https:\/\/projects.upei.ca\/seiblab\/files\/2024\/06\/Ella-lab-website-edited-1024x1024.jpeg 1024w, https:\/\/projects.upei.ca\/seiblab\/files\/2024\/06\/Ella-lab-website-edited-150x150.jpeg 150w, https:\/\/projects.upei.ca\/seiblab\/files\/2024\/06\/Ella-lab-website-edited-768x768.jpeg 768w, https:\/\/projects.upei.ca\/seiblab\/files\/2024\/06\/Ella-lab-website-edited-1536x1536.jpeg 1536w\" sizes=\"(max-width: 1920px) 100vw, 1920px\" \/><\/figure><\/div>\n\n\n<p class=\"has-medium-font-size\"><strong>Ella Nicholson<\/strong>, B.Sc.<\/p>\n\n\n\n<p>NSERC-USRA student<\/p>\n\n\n\n<hr class=\"wp-block-separator alignwide has-alpha-channel-opacity is-style-wide\" \/>\n\n\n<div class=\"wp-block-image\">\n<figure class=\"alignleft size-large is-resized\"><img loading=\"lazy\" decoding=\"async\" width=\"1000\" height=\"999\" src=\"https:\/\/projects.upei.ca\/seiblab\/files\/2024\/07\/thumbnail_IMG_2593-edited-1.jpg\" alt=\"\" class=\"wp-image-142\" style=\"width:177px\" srcset=\"https:\/\/projects.upei.ca\/seiblab\/files\/2024\/07\/thumbnail_IMG_2593-edited-1.jpg 1000w, https:\/\/projects.upei.ca\/seiblab\/files\/2024\/07\/thumbnail_IMG_2593-edited-1-300x300.jpg 300w, https:\/\/projects.upei.ca\/seiblab\/files\/2024\/07\/thumbnail_IMG_2593-edited-1-150x150.jpg 150w, https:\/\/projects.upei.ca\/seiblab\/files\/2024\/07\/thumbnail_IMG_2593-edited-1-768x767.jpg 768w\" sizes=\"(max-width: 1000px) 100vw, 1000px\" \/><\/figure><\/div>\n\n\n<p class=\"has-medium-font-size\"><strong>Eva Wang<\/strong><\/p>\n\n\n\n<p>High school volunteer<\/p>\n\n\n\n<hr class=\"wp-block-separator alignwide has-alpha-channel-opacity is-style-wide\" \/>\n\n\n<div class=\"wp-block-image\">\n<figure class=\"alignleft size-large is-resized\"><img loading=\"lazy\" decoding=\"async\" width=\"2512\" height=\"2513\" src=\"https:\/\/projects.upei.ca\/seiblab\/files\/2024\/05\/8-zif-full-brain-DG-ventral-edited.jpg\" alt=\"\" class=\"wp-image-47\" style=\"width:177px;height:auto\" srcset=\"https:\/\/projects.upei.ca\/seiblab\/files\/2024\/05\/8-zif-full-brain-DG-ventral-edited.jpg 2512w, https:\/\/projects.upei.ca\/seiblab\/files\/2024\/05\/8-zif-full-brain-DG-ventral-edited-300x300.jpg 300w, https:\/\/projects.upei.ca\/seiblab\/files\/2024\/05\/8-zif-full-brain-DG-ventral-edited-1024x1024.jpg 1024w, https:\/\/projects.upei.ca\/seiblab\/files\/2024\/05\/8-zif-full-brain-DG-ventral-edited-150x150.jpg 150w, https:\/\/projects.upei.ca\/seiblab\/files\/2024\/05\/8-zif-full-brain-DG-ventral-edited-768x768.jpg 768w, https:\/\/projects.upei.ca\/seiblab\/files\/2024\/05\/8-zif-full-brain-DG-ventral-edited-1536x1536.jpg 1536w, https:\/\/projects.upei.ca\/seiblab\/files\/2024\/05\/8-zif-full-brain-DG-ventral-edited-2048x2048.jpg 2048w\" sizes=\"(max-width: 2512px) 100vw, 2512px\" \/><\/figure><\/div>\n\n\n<p class=\"has-medium-font-size\"><strong>Laura Archibald<\/strong>, B.Sc.<\/p>\n\n\n\n<p>Directed studies student<\/p>\n\n\n\n<hr class=\"wp-block-separator alignwide has-alpha-channel-opacity is-style-wide\" \/>\n\n\n<div class=\"wp-block-image\">\n<figure class=\"alignleft size-large is-resized\"><img loading=\"lazy\" decoding=\"async\" width=\"2558\" height=\"2560\" src=\"https:\/\/projects.upei.ca\/seiblab\/files\/2024\/05\/2-E19-brain-Dapi-edited-scaled.jpg\" alt=\"\" class=\"wp-image-52\" style=\"width:181px;height:auto\" srcset=\"https:\/\/projects.upei.ca\/seiblab\/files\/2024\/05\/2-E19-brain-Dapi-edited-scaled.jpg 2558w, https:\/\/projects.upei.ca\/seiblab\/files\/2024\/05\/2-E19-brain-Dapi-edited-300x300.jpg 300w, https:\/\/projects.upei.ca\/seiblab\/files\/2024\/05\/2-E19-brain-Dapi-edited-1024x1024.jpg 1024w, https:\/\/projects.upei.ca\/seiblab\/files\/2024\/05\/2-E19-brain-Dapi-edited-150x150.jpg 150w, https:\/\/projects.upei.ca\/seiblab\/files\/2024\/05\/2-E19-brain-Dapi-edited-768x769.jpg 768w, https:\/\/projects.upei.ca\/seiblab\/files\/2024\/05\/2-E19-brain-Dapi-edited-1536x1536.jpg 1536w, https:\/\/projects.upei.ca\/seiblab\/files\/2024\/05\/2-E19-brain-Dapi-edited-2046x2048.jpg 2046w\" sizes=\"(max-width: 2558px) 100vw, 2558px\" \/><\/figure><\/div>\n\n\n<p class=\"has-medium-font-size\"><strong>Annika Melen<\/strong>, B.Sc.<\/p>\n\n\n\n<p>Directed studies student<\/p>\n","protected":false},"excerpt":{"rendered":"<p>Dr. D\u00e9sir\u00e9e Seib, PhD Assistant Professor in the Department of Biology Jeanne and J.-Louis L\u00e9vesque Research Chair in Human Health Current lab members Rylie Kane, B.Sc. Master&#8217;s student Riley Arsenault Honour&#8217;s student, L\u00e9vesque USRA student MacKenzie Ward Honour&#8217;s student Bridgid Gallagher Honour&#8217;s student, NSERC USRA student Jenny Ferrara Honour&#8217;s student [&hellip;]<\/p>\n","protected":false},"author":351,"featured_media":0,"parent":0,"menu_order":0,"comment_status":"closed","ping_status":"closed","template":"","meta":{"footnotes":""},"tags":[],"_links":{"self":[{"href":"https:\/\/projects.upei.ca\/seiblab\/wp-json\/wp\/v2\/pages\/10"}],"collection":[{"href":"https:\/\/projects.upei.ca\/seiblab\/wp-json\/wp\/v2\/pages"}],"about":[{"href":"https:\/\/projects.upei.ca\/seiblab\/wp-json\/wp\/v2\/types\/page"}],"author":[{"embeddable":true,"href":"https:\/\/projects.upei.ca\/seiblab\/wp-json\/wp\/v2\/users\/351"}],"replies":[{"embeddable":true,"href":"https:\/\/projects.upei.ca\/seiblab\/wp-json\/wp\/v2\/comments?post=10"}],"version-history":[{"count":37,"href":"https:\/\/projects.upei.ca\/seiblab\/wp-json\/wp\/v2\/pages\/10\/revisions"}],"predecessor-version":[{"id":192,"href":"https:\/\/projects.upei.ca\/seiblab\/wp-json\/wp\/v2\/pages\/10\/revisions\/192"}],"wp:attachment":[{"href":"https:\/\/projects.upei.ca\/seiblab\/wp-json\/wp\/v2\/media?parent=10"}],"wp:term":[{"taxonomy":"post_tag","embeddable":true,"href":"https:\/\/projects.upei.ca\/seiblab\/wp-json\/wp\/v2\/tags?post=10"}],"curies":[{"name":"wp","href":"https:\/\/api.w.org\/{rel}","templated":true}]}}