{"id":2021,"date":"2018-02-21T12:44:18","date_gmt":"2018-02-21T16:44:18","guid":{"rendered":"http:\/\/projects.upei.ca\/iis\/?page_id=2021"},"modified":"2018-02-21T12:44:18","modified_gmt":"2018-02-21T16:44:18","slug":"past-conferences","status":"publish","type":"page","link":"https:\/\/projects.upei.ca\/testforneal\/events\/past-conferences\/","title":{"rendered":"Past International Conferences"},"content":{"rendered":"\n<div style=\"height:20px\" aria-hidden=\"true\" class=\"wp-block-spacer\"><\/div>\n\n\n\n<p>The Institute of Island Studies proudly hosts and sponsors many international conferences and events. Below is a list of conferences that the Institute has hosted and\/or sponsored in previous years. Clicking on the conference titles will take you to conference websites.<\/p>\n\n\n\n<div style=\"height:20px\" aria-hidden=\"true\" class=\"wp-block-spacer\"><\/div>\n\n\n\n<div style=\"height:20px\" aria-hidden=\"true\" class=\"wp-block-spacer\"><\/div>\n\n\n\n<p class=\"has-text-align-center\" style=\"font-size:17px\"><strong>PAST CONFERENCES<\/strong><\/p>\n\n\n\n<div style=\"height:20px\" aria-hidden=\"true\" class=\"wp-block-spacer\"><\/div>\n\n\n\n<p class=\"has-normal-font-size\"><strong>2021 CONFERENCES<\/strong><\/p>\n\n\n\n<p class=\"has-normal-font-size\"><a href=\"https:\/\/www.inclusiveeconomies.ca\/\" data-type=\"link\" data-id=\"https:\/\/www.inclusiveeconomies.ca\/\">September 30 \u2013&nbsp;October 2, 2021 | Creating Inclusive Economies: Building Bridges between Public, Private, and Civil Society Sectors<\/a><br \/>CEDEC\/CRRF 2021 Conference <br \/>Hosted by <a href=\"https:\/\/cedec.ca\/about-us\/\" target=\"_blank\" rel=\"noreferrer noopener\">Community Economic Development and Employability Corporation<\/a> (CEDEC) and <a href=\"http:\/\/crrf.ca\" target=\"_blank\" rel=\"noreferrer noopener\">Canadian Rural Revitalization Foundation<\/a> (CRRF), Rimouski, Quebec, Canada. <\/p>\n\n\n\n<p class=\"has-normal-font-size\"><a href=\"https:\/\/www.mun.ca\/wearehere\/isisa.php\">June 14-18, 2021 | 17th Annual International Small Islands Studies Association (ISISA) &#8216;World of Islands&#8217; Conference: <em>Sharing Lessons, Sharing Stories<\/em><\/a><br \/>Virtual conference hosted by the Harris Centre, Memorial University, Newfoundland and Labrador. <\/p>\n\n\n\n<p class=\"has-normal-font-size\"><a href=\"https:\/\/www.uhi.ac.uk\/en\/research-enterprise\/cultural\/institute-for-northern-studies\/research\/conferences\/stmagnus2020\/\">April 14\u201316, 2021 | 5th International St Magnus Conference: <em>Island Histories and Herstories<\/em><\/a><br \/>Virtual conference hosted by the <a href=\"https:\/\/www.uhi.ac.uk\/en\/research-enterprise\/cultural\/institute-for-northern-studies\/\">Institute for Northern Studies<\/a>, <a href=\"https:\/\/www.uhi.ac.uk\/en\/\">University of the Highlands and Islands<\/a>, Lerwick, Shetland.<\/p>\n\n\n\n<div style=\"height:31px\" aria-hidden=\"true\" class=\"wp-block-spacer\"><\/div>\n\n\n\n<hr class=\"wp-block-separator has-css-opacity\" \/>\n\n\n\n<div style=\"height:31px\" aria-hidden=\"true\" class=\"wp-block-spacer\"><\/div>\n\n\n\n<p class=\"has-normal-font-size\"><strong>2019 CONFERENCES&nbsp;<\/strong><\/p>\n\n\n\n<p><a href=\"https:\/\/www.islanddynamics.org\/foodwaysconference.html\"><span class=\"lh-1 font-size-32\"><span class=\"font-size-18 lh-1\">November 18-22, 2019 | <\/span>Foodways and Identity | Copenhagen, Denmark<\/span><\/a><br \/><span class=\"lh-1 font-size-32\">Conference on Food and Drink Traditions<\/span><br \/><span class=\"lh-1 font-size-32\">Island Dynamics<\/span><\/p>\n\n\n\n<p><a href=\"http:\/\/northatlanticforum.org\/\">October 1-15, 2019 | Canadian Rural Revitalization Foundation Annual Rural Conference\/North Atlantic Forum<\/a><br \/>St. John&#8217;s, NL, Canada<br \/>The Leslie Harris Centre of Regional Policy and Development, Memorial University, the North Atlantic Forum, and the Canadian Rural Revitalization Foundation<\/p>\n\n\n\n<p><a href=\"http:\/\/www.islanddynamics.org\/supernaturalconference2019.html\"><span class=\"aBn\"><span class=\"aQJ\">September 24-October 2, 2019 | <\/span><\/span>Conference on&nbsp;\u2018Folk Belief\u2019 and \u2018The Supernatural&nbsp;in Literature and Film\u2019<\/a><br \/>Svaneti &amp; Tbilisi, Georgia<span class=\"m_2381828880626351606ox-645a552528-C-1\"><br \/>Island Dynamics<\/span><\/p>\n\n\n\n<p><span class=\"aBn\"><span class=\"aQJ\"><a href=\"http:\/\/www.islanddynamics.org\/remote2019.html\">September 10-18, 2019 | REMOTE:&nbsp;Rethinking Remoteness, Isolation, and Peripherality<\/a><\/span><\/span><br \/><span class=\"aBn\"><span class=\"aQJ\">Svaneti &amp; Tbilisi, Georgia&nbsp;<\/span><\/span><br \/>Island Dynamics<\/p>\n\n\n\n<p><a href=\"https:\/\/www.ntnu.edu\/geography\/ngm-2019\">June 16-19, 2019 | Sustainable Island Geography&nbsp; &#8211;&nbsp; Geographies of Island Sustainability, at the 8th Nordic Geographers Meeting<\/a><br \/>Trondheim, Norway<\/p>\n\n\n\n<p><a href=\"http:\/\/eventos.ull.es\/29302\/detail\/reti-symposium-2019.html\">April 29-May 3, 2019 | RETI 2019 Meetings and Conference<\/a><br \/>Gran Canaria and Tenerife&nbsp;<br \/>Universidad de La Laguna \/ Universidad de Las Palmas de Gran Canaria<\/p>\n\n\n\n<p><a href=\"http:\/\/projects.upei.ca\/unescochair\/island-statesisland-territories-an-international-conference\/\">March 26-29, 2019 | Island States\/Island Territories: Sharing Stories of Island Life, Governance and Global Engagement. The 1st International Conference on Small Island States (SIS) and Subnational Island Jurisdictions (SNIJs)<\/a><br \/>Oranjestad, Arub<br \/>UNESCO Chair in Island Studies and Sustainability at UPEI, The University of Aruba, and The Aruba Centre of Excellence (COE) for the Sustainability of Small Island Developing States (SIDS)<\/p>\n\n\n\n<p><a href=\"http:\/\/conferences.sta.uwi.edu\/mmiracc\/\">March 25-29, 2019 | Mixed Methods Conference<\/a><br \/>St. Augustine, Trinidad &amp; Tobago<br \/>University of the West Indies<\/p>\n\n\n\n<div style=\"height:31px\" aria-hidden=\"true\" class=\"wp-block-spacer\"><\/div>\n\n\n\n<hr class=\"wp-block-separator has-css-opacity\" \/>\n\n\n\n<div style=\"height:31px\" aria-hidden=\"true\" class=\"wp-block-spacer\"><\/div>\n\n\n\n<p class=\"has-normal-font-size\"><strong>2018 CONFERENCES&nbsp;<\/strong><\/p>\n\n\n\n<p><a href=\"http:\/\/www.isisa.org\/\">June 10-14, 2018 | Leeuwarden \u2013 Terschelling, The Netherlands | Islands of the World XVI: The Changing Future of Islands<br \/><\/a>Hosted by International Small Island Studies Association (ISISA),&nbsp;Waddenacademie, University of Groningen, KITLV, Leeuwarden Cultural Capital of Europe 2018 and Oerol-Sense of Place<\/p>\n\n\n\n<p><a href=\"http:\/\/www.islandcities.org\/icua2018.html\">September 26-29, 2018 | Zhoushan, China | Islands, Resources and Society: Sustainable Development under Globalization and Urbanization<\/a><br \/>Hosted by Island Dynamics<\/p>\n\n\n\n<p><a href=\"http:\/\/www.islanddynamics.org\/indigenouscommunities.html\">October 1-5, 2018 | Pongso no Tao, Taiwan | Indigeneous Communities, Indigenous Spaces:Tradition and Change in a Globalising World<br \/><\/a>Hosted by Island Dynamics<\/p>\n\n\n\n<p><a href=\"http:\/\/saskatoon2018.crrf.ca\/\">October 10-12, 2-18 | Saskatoon, Saskatchewan, Canada | CRRF Rural Conference: Health &amp; Shared Prosperity<\/a><br \/>Hosted by the Canadian Rural Revitalization Foundation, Saskatchewan Economic Development Association, and the University of Saskatchewan<\/p>\n\n\n\n<p><a href=\"http:\/\/www.mun.ca\/publicengagement\/pppconference\/\">October 25-27, 2018 | St. John&#8217;s, NL, Canada | People, Place and Public Engagement<\/a><br \/>Hosted by the Office of Public Engagement, Memorial University of Newfoundland<\/p>\n\n\n\n<p><a href=\"http:\/\/www.mun.ca\/retisymposium\/\">November 23-28, 2018 | St. John&#8217;s, NL, Canada | Engaging Islands: RETI Symposium 2018<\/a><br \/>Hosted by Memorial University of Newfoundland<\/p>\n\n\n\n<p><a href=\"http:\/\/www.islanddynamics.org\/economicsdevelopment.html\">November 30-December 3, 2018, Nuuk, Greenland |&nbsp;&nbsp;Nuuk, Greenland&nbsp;<\/a><br \/>Economics and Development in&nbsp;<span class=\"C-3\">Microstates, Islands, and the Arctic<br \/>Island Dynamics and Ilisimatusarfik\/University of Greenland\u2019s Department of Economics and Business<\/span><\/p>\n\n\n\n<p>January 21-25, 2018 | Longyearbyen, Svalbard |&nbsp;EXTREME: Rethinking the Limits to Community, Architecture, and Urbanism<br \/>Hosted by Island Dynamics<\/p>\n\n\n\n<div style=\"height:31px\" aria-hidden=\"true\" class=\"wp-block-spacer\"><\/div>\n\n\n\n<hr class=\"wp-block-separator has-css-opacity\" \/>\n\n\n\n<div style=\"height:31px\" aria-hidden=\"true\" class=\"wp-block-spacer\"><\/div>\n\n\n\n<p class=\"has-normal-font-size\"><strong>2017 CONFERENCES<\/strong><\/p>\n\n\n\n<p><a href=\"http:\/\/shimajournal.org\/conferences\/aa\/\">March 30-April 1 | Pratt Institute, Brooklyn, New York | Archipelagos and Aquapelagos &#8211; Conceptualizing Islands and Marine Spaces&nbsp;<\/a><br \/>Hosted by The Pratt Institute<\/p>\n\n\n\n<p><a href=\"http:\/\/foundationforec.org\/7th-international-conference-on-environmental-future\/\">April 16-20, 2018 | Honolulu, Hawai&#8217;i | &nbsp;7th International Conference on Environmental Future:&nbsp;Humans and Island Environments<\/a><br \/>Hosted by the Foundation for Environmental Conservation, the East-West Center, the University of Hawai\u2019i M\u0101noa, and the Newcastle University Institute for Sustainability<\/p>\n\n\n\n<p><a href=\"http:\/\/www.islandinvasives2017.com\/\">July 10-14, 2017 | Dundee, Scotland | Island Invasives Conference 2017<\/a><br \/>Hosted by University of Dundee<\/p>\n\n\n\n<p><a href=\"https:\/\/www.deltager.no\/north_atlantic_forum_2017_13092017\">September 13-16, 2017 | Bo, Norway |&nbsp;Traditions and transformations in the sustainability of rural communities<\/a><br \/>Hosted by North Atlantic Forum (NAF) and Telemark University<\/p>\n\n\n\n<p><a href=\"http:\/\/www.rmf.is\/en\/conferences\/rdt-13-tackling-overtourism-local-responses\">Working symposium September 29-30, 2017 | Reykjavik, Iceland | RTD-13: Tackling Overtourism &#8211; Local Responses<\/a><br \/>Hosted by University of Iceland<\/p>\n\n\n\n<p><a href=\"http:\/\/www.islanddynamics.org\/mermaidconference.html\">October 24-27, 2017 | Copenhagen, Denmark |&nbsp;Mermaids, Maritime Folklore, and Modernity<\/a><br \/>Hosted by Island Dynamics<\/p>\n\n\n\n<p><a href=\"http:\/\/rhizomes2017.unidcom-iade.pt\/\">October 24-27, 2017 | Funchal, Madeira | Senses &amp; Sensibilities, Design Beyond Borders &amp; Rhizomes<\/a><br \/>Hosted by Unidade de Investiga\u00e7\u00e3o em Design e Comunica\u00e7\u00e3o (UNIDCOM\/IADE) and Madeira University<\/p>\n\n\n\n<p><a href=\"http:\/\/islandcities.org\/icua2017.html\">November 8-12, 2017 | Funchal, Madeira | Island Cities and Urban Archipelagos 2017&nbsp;<\/a><br \/>Hosted by Island Dynamics<\/p>\n\n\n\n<p><a href=\"http:\/\/www4.uma.pt\/cierl\/?page_id=1914\">November 8-12, 2017 | Funchal, Madeira |&nbsp;III Insula International Colloquium &#8211; Beyond Nature and Artifice<br \/><\/a>Hosted by&nbsp;CIERL-UMa \u2013 Centro de Investiga\u00e7\u00e3o em Estudos Regionais e Locais (Research Centre for Regional and Local Studies), University of Madeira<\/p>\n\n\n\n<p><a href=\"http:\/\/reti.univ-corse.fr\/Newsletter-January-2017-wishes-from-the-Executive-Direction_a190.html\">November 17-21, 2017 | Okinawa, Japan | Externalities: &#8220;Mainlands, Great Powers, and Other Islands<\/a><br \/>Hosted by Reseau d&#8217;excellence des territoires insulaires (RETI) \/ University of the Ryukyus<\/p>\n\n\n\n<div style=\"height:31px\" aria-hidden=\"true\" class=\"wp-block-spacer\"><\/div>\n\n\n\n<hr class=\"wp-block-separator has-css-opacity\" \/>\n\n\n\n<div style=\"height:100px\" aria-hidden=\"true\" class=\"wp-block-spacer\"><\/div>\n\n\n\n<hr class=\"wp-block-separator has-css-opacity is-style-wide\" \/>\n\n\n\n<div class=\"wp-block-columns is-layout-flex wp-container-core-columns-layout-1 wp-block-columns-is-layout-flex\">\n<div class=\"wp-block-column is-layout-flow wp-block-column-is-layout-flow\" style=\"flex-basis:66.66%\"><form role=\"search\" method=\"get\" action=\"https:\/\/projects.upei.ca\/testforneal\/\" class=\"wp-block-search__button-inside wp-block-search__icon-button alignright wp-block-search\"    ><label class=\"wp-block-search__label screen-reader-text\" for=\"wp-block-search__input-1\" >Search<\/label><div class=\"wp-block-search__inside-wrapper \"  style=\"width: 536px\"><input class=\"wp-block-search__input\" id=\"wp-block-search__input-1\" placeholder=\"\" value=\"\" type=\"search\" name=\"s\" required \/><button aria-label=\"&#x1f50d;\" class=\"wp-block-search__button has-icon wp-element-button\" type=\"submit\" ><svg class=\"search-icon\" viewBox=\"0 0 24 24\" width=\"24\" height=\"24\">\n\t\t\t\t\t<path d=\"M13 5c-3.3 0-6 2.7-6 6 0 1.4.5 2.7 1.3 3.7l-3.8 3.8 1.1 1.1 3.8-3.8c1 .8 2.3 1.3 3.7 1.3 3.3 0 6-2.7 6-6S16.3 5 13 5zm0 10.5c-2.5 0-4.5-2-4.5-4.5s2-4.5 4.5-4.5 4.5 2 4.5 4.5-2 4.5-4.5 4.5z\"><\/path>\n\t\t\t\t<\/svg><\/button><\/div><\/form><\/div>\n\n\n\n<div class=\"wp-block-column is-vertically-aligned-center is-layout-flow wp-block-column-is-layout-flow\" style=\"flex-basis:36.7%\"><\/div>\n<\/div>\n\n\n\n<div class=\"wp-block-group is-layout-constrained wp-block-group-is-layout-constrained\"><div class=\"wp-block-group__inner-container\">\n<ul class=\"wp-block-social-links aligncenter is-style-logos-only is-layout-flex wp-block-social-links-is-layout-flex\"><li class=\"wp-social-link wp-social-link-twitter  wp-block-social-link\"><a href=\"https:\/\/twitter.com\/IISUPEI\" class=\"wp-block-social-link-anchor\"><svg width=\"24\" height=\"24\" viewBox=\"0 0 24 24\" version=\"1.1\" xmlns=\"http:\/\/www.w3.org\/2000\/svg\" aria-hidden=\"true\" focusable=\"false\"><path d=\"M22.23,5.924c-0.736,0.326-1.527,0.547-2.357,0.646c0.847-0.508,1.498-1.312,1.804-2.27 c-0.793,0.47-1.671,0.812-2.606,0.996C18.324,4.498,17.257,4,16.077,4c-2.266,0-4.103,1.837-4.103,4.103 c0,0.322,0.036,0.635,0.106,0.935C8.67,8.867,5.647,7.234,3.623,4.751C3.27,5.357,3.067,6.062,3.067,6.814 c0,1.424,0.724,2.679,1.825,3.415c-0.673-0.021-1.305-0.206-1.859-0.513c0,0.017,0,0.034,0,0.052c0,1.988,1.414,3.647,3.292,4.023 c-0.344,0.094-0.707,0.144-1.081,0.144c-0.264,0-0.521-0.026-0.772-0.074c0.522,1.63,2.038,2.816,3.833,2.85 c-1.404,1.1-3.174,1.756-5.096,1.756c-0.331,0-0.658-0.019-0.979-0.057c1.816,1.164,3.973,1.843,6.29,1.843 c7.547,0,11.675-6.252,11.675-11.675c0-0.178-0.004-0.355-0.012-0.531C20.985,7.47,21.68,6.747,22.23,5.924z\"><\/path><\/svg><span class=\"wp-block-social-link-label screen-reader-text\">Twitter<\/span><\/a><\/li>\n\n<li class=\"wp-social-link wp-social-link-facebook  wp-block-social-link\"><a href=\"https:\/\/facebook.com\/InstituteofIslandStudies\" class=\"wp-block-social-link-anchor\"><svg width=\"24\" height=\"24\" viewBox=\"0 0 24 24\" version=\"1.1\" xmlns=\"http:\/\/www.w3.org\/2000\/svg\" aria-hidden=\"true\" focusable=\"false\"><path d=\"M12 2C6.5 2 2 6.5 2 12c0 5 3.7 9.1 8.4 9.9v-7H7.9V12h2.5V9.8c0-2.5 1.5-3.9 3.8-3.9 1.1 0 2.2.2 2.2.2v2.5h-1.3c-1.2 0-1.6.8-1.6 1.6V12h2.8l-.4 2.9h-2.3v7C18.3 21.1 22 17 22 12c0-5.5-4.5-10-10-10z\"><\/path><\/svg><span class=\"wp-block-social-link-label screen-reader-text\">Facebook<\/span><\/a><\/li>\n\n<li class=\"wp-social-link wp-social-link-instagram  wp-block-social-link\"><a href=\"https:\/\/instagram.com\/instituteofislandstudies\" class=\"wp-block-social-link-anchor\"><svg width=\"24\" height=\"24\" viewBox=\"0 0 24 24\" version=\"1.1\" xmlns=\"http:\/\/www.w3.org\/2000\/svg\" aria-hidden=\"true\" focusable=\"false\"><path d=\"M12,4.622c2.403,0,2.688,0.009,3.637,0.052c0.877,0.04,1.354,0.187,1.671,0.31c0.42,0.163,0.72,0.358,1.035,0.673 c0.315,0.315,0.51,0.615,0.673,1.035c0.123,0.317,0.27,0.794,0.31,1.671c0.043,0.949,0.052,1.234,0.052,3.637 s-0.009,2.688-0.052,3.637c-0.04,0.877-0.187,1.354-0.31,1.671c-0.163,0.42-0.358,0.72-0.673,1.035 c-0.315,0.315-0.615,0.51-1.035,0.673c-0.317,0.123-0.794,0.27-1.671,0.31c-0.949,0.043-1.233,0.052-3.637,0.052 s-2.688-0.009-3.637-0.052c-0.877-0.04-1.354-0.187-1.671-0.31c-0.42-0.163-0.72-0.358-1.035-0.673 c-0.315-0.315-0.51-0.615-0.673-1.035c-0.123-0.317-0.27-0.794-0.31-1.671C4.631,14.688,4.622,14.403,4.622,12 s0.009-2.688,0.052-3.637c0.04-0.877,0.187-1.354,0.31-1.671c0.163-0.42,0.358-0.72,0.673-1.035 c0.315-0.315,0.615-0.51,1.035-0.673c0.317-0.123,0.794-0.27,1.671-0.31C9.312,4.631,9.597,4.622,12,4.622 M12,3 C9.556,3,9.249,3.01,8.289,3.054C7.331,3.098,6.677,3.25,6.105,3.472C5.513,3.702,5.011,4.01,4.511,4.511 c-0.5,0.5-0.808,1.002-1.038,1.594C3.25,6.677,3.098,7.331,3.054,8.289C3.01,9.249,3,9.556,3,12c0,2.444,0.01,2.751,0.054,3.711 c0.044,0.958,0.196,1.612,0.418,2.185c0.23,0.592,0.538,1.094,1.038,1.594c0.5,0.5,1.002,0.808,1.594,1.038 c0.572,0.222,1.227,0.375,2.185,0.418C9.249,20.99,9.556,21,12,21s2.751-0.01,3.711-0.054c0.958-0.044,1.612-0.196,2.185-0.418 c0.592-0.23,1.094-0.538,1.594-1.038c0.5-0.5,0.808-1.002,1.038-1.594c0.222-0.572,0.375-1.227,0.418-2.185 C20.99,14.751,21,14.444,21,12s-0.01-2.751-0.054-3.711c-0.044-0.958-0.196-1.612-0.418-2.185c-0.23-0.592-0.538-1.094-1.038-1.594 c-0.5-0.5-1.002-0.808-1.594-1.038c-0.572-0.222-1.227-0.375-2.185-0.418C14.751,3.01,14.444,3,12,3L12,3z M12,7.378 c-2.552,0-4.622,2.069-4.622,4.622S9.448,16.622,12,16.622s4.622-2.069,4.622-4.622S14.552,7.378,12,7.378z M12,15 c-1.657,0-3-1.343-3-3s1.343-3,3-3s3,1.343,3,3S13.657,15,12,15z M16.804,6.116c-0.596,0-1.08,0.484-1.08,1.08 s0.484,1.08,1.08,1.08c0.596,0,1.08-0.484,1.08-1.08S17.401,6.116,16.804,6.116z\"><\/path><\/svg><span class=\"wp-block-social-link-label screen-reader-text\">Instagram<\/span><\/a><\/li>\n\n\n\n<li class=\"wp-social-link wp-social-link-youtube  wp-block-social-link\"><a href=\"http:\/\/bit.ly\/IIS_YouTube\" class=\"wp-block-social-link-anchor\"><svg width=\"24\" height=\"24\" viewBox=\"0 0 24 24\" version=\"1.1\" xmlns=\"http:\/\/www.w3.org\/2000\/svg\" aria-hidden=\"true\" focusable=\"false\"><path d=\"M21.8,8.001c0,0-0.195-1.378-0.795-1.985c-0.76-0.797-1.613-0.801-2.004-0.847c-2.799-0.202-6.997-0.202-6.997-0.202 h-0.009c0,0-4.198,0-6.997,0.202C4.608,5.216,3.756,5.22,2.995,6.016C2.395,6.623,2.2,8.001,2.2,8.001S2,9.62,2,11.238v1.517 c0,1.618,0.2,3.237,0.2,3.237s0.195,1.378,0.795,1.985c0.761,0.797,1.76,0.771,2.205,0.855c1.6,0.153,6.8,0.201,6.8,0.201 s4.203-0.006,7.001-0.209c0.391-0.047,1.243-0.051,2.004-0.847c0.6-0.607,0.795-1.985,0.795-1.985s0.2-1.618,0.2-3.237v-1.517 C22,9.62,21.8,8.001,21.8,8.001z M9.935,14.594l-0.001-5.62l5.404,2.82L9.935,14.594z\"><\/path><\/svg><span class=\"wp-block-social-link-label screen-reader-text\">YouTube<\/span><\/a><\/li><\/ul>\n<\/div><\/div>\n\n\n\n<hr class=\"wp-block-separator has-css-opacity is-style-wide\" \/>\n\n\n\n<h6 class=\"wp-block-heading has-text-align-center\">\u00a9 2021 Institute of Island Studies, University of Prince Edward Island. All rights reserved.<\/h6>\n","protected":false},"excerpt":{"rendered":"<p>The Institute of Island Studies proudly hosts and sponsors many international conferences and events. Below is a list of conferences that the Institute has hosted and\/or sponsored in previous years. Clicking on the conference titles will take you to conference &hellip; <a href=\"https:\/\/projects.upei.ca\/testforneal\/events\/past-conferences\/\">Continue reading <span class=\"meta-nav\">&rarr;<\/span><\/a><\/p>\n","protected":false},"author":1,"featured_media":0,"parent":3926,"menu_order":0,"comment_status":"closed","ping_status":"closed","template":"","meta":{"footnotes":""},"tags":[],"_links":{"self":[{"href":"https:\/\/projects.upei.ca\/testforneal\/wp-json\/wp\/v2\/pages\/2021"}],"collection":[{"href":"https:\/\/projects.upei.ca\/testforneal\/wp-json\/wp\/v2\/pages"}],"about":[{"href":"https:\/\/projects.upei.ca\/testforneal\/wp-json\/wp\/v2\/types\/page"}],"author":[{"embeddable":true,"href":"https:\/\/projects.upei.ca\/testforneal\/wp-json\/wp\/v2\/users\/1"}],"replies":[{"embeddable":true,"href":"https:\/\/projects.upei.ca\/testforneal\/wp-json\/wp\/v2\/comments?post=2021"}],"version-history":[{"count":0,"href":"https:\/\/projects.upei.ca\/testforneal\/wp-json\/wp\/v2\/pages\/2021\/revisions"}],"up":[{"embeddable":true,"href":"https:\/\/projects.upei.ca\/testforneal\/wp-json\/wp\/v2\/pages\/3926"}],"wp:attachment":[{"href":"https:\/\/projects.upei.ca\/testforneal\/wp-json\/wp\/v2\/media?parent=2021"}],"wp:term":[{"taxonomy":"post_tag","embeddable":true,"href":"https:\/\/projects.upei.ca\/testforneal\/wp-json\/wp\/v2\/tags?post=2021"}],"curies":[{"name":"wp","href":"https:\/\/api.w.org\/{rel}","templated":true}]}}