{"id":25,"date":"2014-04-02T18:58:41","date_gmt":"2014-04-02T21:58:41","guid":{"rendered":"http:\/\/projects.upei.ca\/iis\/?page_id=25"},"modified":"2014-04-02T18:58:41","modified_gmt":"2014-04-02T21:58:41","slug":"events-archive","status":"publish","type":"page","link":"https:\/\/projects.upei.ca\/testforneal\/events\/past-events\/events-archive\/","title":{"rendered":"IIS Events Archive (1998\u20132016)"},"content":{"rendered":"\n<div style=\"height:20px\" aria-hidden=\"true\" class=\"wp-block-spacer\"><\/div>\n\n\n\n<p style=\"font-size:23px\">Institute of Island Studies | <strong>Events Archive (1998\u20132016)<\/strong><\/p>\n\n\n\n<div style=\"height:20px\" aria-hidden=\"true\" class=\"wp-block-spacer\"><\/div>\n\n\n\n<p class=\"has-text-align-center\"><a href=\"http:\/\/islandstudies.com\/events\/past-events\/island-lecture-series-archive\/\" data-type=\"page\" data-id=\"1858\">ISLAND LECTURE SERIES ARCHIVE (2014\u20132020)<\/a> |  <a href=\"http:\/\/islandstudies.com\/events\/past-events\/\" data-type=\"page\" data-id=\"3964\">RETURN TO PAST EVENTS<\/a><\/p>\n\n\n\n<hr class=\"wp-block-separator\" \/>\n\n\n\n<div style=\"height:32px\" aria-hidden=\"true\" class=\"wp-block-spacer\"><\/div>\n\n\n\n<p><strong>ISLAND LECTURE SERIES<\/strong><br \/><strong>&#8220;So you want to go to Iceland&#8230;&#8221;<\/strong><br \/><strong>with David Cairns<\/strong><br \/><strong>January 19, 2016 | 7 p.m. | UPEI Main Building Faculty Lounge<\/strong><\/p>\n\n\n\n<div class=\"wp-block-image\"><figure class=\"alignright\"><a href=\"http:\/\/projects.upei.ca\/testforneal\/files\/2014\/04\/Iceland_Vik_3Sep15_DCairns-scaled-1.jpg\"><img decoding=\"async\" src=\"http:\/\/projects.upei.ca\/iis\/files\/2014\/04\/Iceland_Vik_3Sep15_DCairns-300x137.jpg\" alt=\"Iceland_Vik_3Sep15_DCairns\" class=\"wp-image-704\" \/><\/a><figcaption>Vik, Iceland (Photo by David Cairns)<\/figcaption><\/figure><\/div>\n\n\n\n<p>In the past several years, travel by Islanders to Iceland has grown from a rarity to a phenomenon. \u201cSo you want to go to Iceland\u2026\u201d is a guide for both the never-been-there-yet set, and for experienced travellers looking for new ways to scratch their Iceland itch.&nbsp; The program includes Icelandic basics, a sample itinerary, a chance to question veteran Icelandic trippers, and a showcase of Iceland photos, submitted by the public.&nbsp; Send up to eight of your best shots to davidkcairns@gmail.com, and let him know if you want to do an oral commentary about your own adventure in Iceland. And if you don\u2019t want to talk in the formal part of the evening, come anyway! There\u2019ll be an opportunity for informal discussion and travel-tip-sharing during the intermission and afterward.<\/p>\n\n\n\n<p>The event takes place in the Faculty Lounge in UPEI&#8217;s Main Building, at 7 pm on January 19.&nbsp; Sponsors are the Vinland Society of PEI and the Institute of Island Studies at UPEI. Admission is free and donations are welcome.<\/p>\n\n\n\n<p>This is the first in a series of an Island Studies Winter\/Spring Lecture Series. Watch for details for another lecture about islands \u2013 near&nbsp;<em>and<\/em>&nbsp;far \u2013 February 23!<\/p>\n\n\n\n<hr class=\"wp-block-separator\" \/>\n\n\n\n<p><strong>August 1, 2015<\/strong><br \/>2<sup>nd<\/sup>&nbsp;Annual Sir Andrew Macphail Memorial Lecture, with Dr. John Shaw<br \/><a href=\"http:\/\/macphailhomestead.ca\/calendar-of-events\/gaelic-festival-july-31-aug-1\/\">Macphail Homestead Gaelic Festival<\/a><\/p>\n\n\n\n<hr class=\"wp-block-separator\" \/>\n\n\n\n<p><strong>May 28-31, 2015<\/strong><br \/><strong>Climate Change in Culture Conference<\/strong><br \/>University of Prince Edward Island<br \/><a href=\"http:\/\/www.climatechangeinculture.com\/\">http:\/\/www.climatechangeinculture.com<\/a><\/p>\n\n\n\n<hr class=\"wp-block-separator\" \/>\n\n\n\n<div class=\"wp-block-image\"><figure class=\"alignright size-thumbnail\"><img loading=\"lazy\" decoding=\"async\" width=\"150\" height=\"150\" src=\"http:\/\/islandstudies.com\/files\/2014\/04\/tiber_falzett-150x150.jpg\" alt=\"tiber_falzett\" class=\"wp-image-448\" \/><\/figure><\/div>\n\n\n\n<p><strong>May 26, 2015<br \/>Guthan an Eilein: Island Gaelic Voices<\/strong><br \/>by Dr. Tiber F. M. Falzett<br \/>How Scottish Gaelic language and culture has passed down through generations on Prince Edward Island.<br \/><a href=\"https:\/\/www.upei.ca\/communications\/campus-notice\/2015\/05\/guthan-eilein-island-gaelic-voices\" target=\"_blank\" rel=\"noreferrer noopener\">More details here<\/a><\/p>\n\n\n\n<div style=\"height:20px\" aria-hidden=\"true\" class=\"wp-block-spacer\"><\/div>\n\n\n\n<hr class=\"wp-block-separator\" \/>\n\n\n\n<p><strong>January 6, 2015<\/strong><br \/><strong>&#8220;Welcome to an Icelandic Evening\/\u00cdslensk Kv\u00f6ldstund \u00e1 PEI&#8221;<br \/>An Evening of Icelandic Culture,<\/strong>&nbsp;<strong>hosted by the Institute of Island Studies<\/strong><br \/>7:30PM, UPEI Faculty Lounge<br \/><br \/>The Institute of Island Studies, in partnership with the Vinland Society of Prince Edward Island, invites you to a cozy evening of Icelandic culture. On January 6, at 7:30 p.m. in UPEI\u2019s Main Building Faculty Lounge, settle back into a comfy armchair with a glass of wine and some \u201cV\u00ednarterta\u201d and take in the scenery from the country\u2019s spectacular landscape, listen to the sagas, and enjoy the art and culture of these northern islanders who sailed our way some 1,000 years ago.<br \/><br \/>Prince Edward Island photographer John Sylvester will give a taste of this in a slide show from his recent trip there, whetting your appetite for a closer look at the culture, including a short reading from the sagas, a bit of music, poetry, and a little practice with the language, which was brought by the Norse in the 9th century. Sigga MacEachern, who was originally from Iceland and who now calls Prince Edward Island home, will spice up your \u201cIcelandic Evening\u201d with an introduction to some of the most common words that might be used on your journey. She has also graciously volunteered to provide a sample of a traditional seasonal taste treat.<\/p>\n\n\n\n<p>The evening is open to all who have a heart for adventure, and begins at 7:30 p.m. Admission is by donation, and there will be a cash bar. Come on to the Faculty Lounge in Main Building for some armchair Icelandic!<\/p>\n\n\n\n<hr class=\"wp-block-separator\" \/>\n\n\n\n<p><strong>Tuesday, December 2nd, 2014, at 7:00 p.m.<\/strong><br \/><strong>Island Land Use Policy at an Impasse?<\/strong><br \/><strong>Rescheduled to Tuesday December 2nd, 7:00 p.m. <\/strong><\/p>\n\n\n\n<p>The past and present state of Island land use policy was the subject of this Public Symposium. Ian Petrie addressed the topic \u201cWhy Farmers Fight Regulations\u201d and posed the question,&nbsp;<em>is there a way out of this impasse?<\/em>&nbsp;Jean-Paul Arsenault\u2019s talk, entitled \u201cFactors Affecting Land Use Decisions: What Were They Thinking?\u201d, addressed the question,&nbsp;<em>would stricter controls on land use be good for Prince Edward Island, or is the status quo the better option?<\/em><\/p>\n\n\n\n<p><a href=\"http:\/\/islandstudies.com\/events\/public-symposia\/public-symposium-island-land-use-policy\/\">Click here for full details<\/a><\/p>\n\n\n\n<hr class=\"wp-block-separator\" \/>\n\n\n\n<p><strong>Thursday, October 23, 2014 at the Carriage House, Beaconsfield, Charlottetown<\/strong><br \/><strong>Book Launch: &#8220;Those Splendid Girls&#8221; by Katherine Dewar<\/strong><br \/><a rel=\"noreferrer noopener\" href=\"https:\/\/thosesplendidgirls.ca\/\" target=\"_blank\">Click here for <em>Those Splendid Girls<\/em> website<\/a><br \/><a href=\"http:\/\/projects.upei.ca\/testforneal\/files\/2014\/04\/Beaconsfield-launch-Splendid-Girls.pdf\">Click here to view event invitation\/flyer<\/a><\/p>\n\n\n\n<hr class=\"wp-block-separator\" \/>\n\n\n\n<p><strong>\u201cMapping the Pre-settlement Forests of Prince Edward Island\u201d<\/strong><br \/><strong>Dr. Doug Sobey<\/strong><br \/><strong>Thursday, September 11, 2014 at 7.30 pm<\/strong><\/p>\n\n\n\n<p>Dr. Doug Sobey, a <a href=\"http:\/\/islandstudies.com\/research\/research-associates\/\" data-type=\"page\" data-id=\"538\">Research Associate<\/a> of the University\u2019s Institute of Island Studies, and formerly at the University of Ulster, will give an illustrated public talk on the results of a study carried out by himself and William Glen (formerly of the Forestry Division), into the forest descriptions found on manuscript maps housed in the P.E.I. Public Archives dating from the eighteenth and early nineteenth centuries.<br \/>Dr. Sobey will discuss what the descriptions on the maps reveal about the Island&#8217;s forest-types before their destruction by clearance and fire.<br \/>His research has been carried out with the support of both the Institute of Island Studies and the Forests, Fish and Wildlife Division of the P.E.I. Department of Agriculture and Forestry, and the lecture will include the launch of a recently published research report on the subject.<\/p>\n\n\n\n<hr class=\"wp-block-separator\" \/>\n\n\n\n<p><strong>Island Studies Open House<\/strong>: Monday, September 8th, 2014 4-6 pm<\/p>\n\n\n\n<hr class=\"wp-block-separator\" \/>\n\n\n\n<p><strong>Island Water Symposium at UPEI<\/strong><br \/>Tuesday, May 20, 2014 &#8211; 7:00 pm<br \/>Alex H. MacKinnon Auditorium, Don and Marion McDougall Hall, UPEI<\/p>\n\n\n\n<p>The future of the Island\u2019s water supply was the subject of a public symposium at the University of Prince Edward Island. In light of recent concern about increased pressure on our groundwater resources by urban, industrial, and agricultural use, this event was a timely one.<\/p>\n\n\n\n<p>This was a public-forum event with presentations by three speakers: Dr. Ryan O\u2019Connor, Dr. Cathy Ryan, and Dr. Michael van den Heuvel.<\/p>\n\n\n\n<p><a href=\"http:\/\/islandstudies.com\/events\/public-symposia\/public-symposium-island-water-futures\/\">Click here for full details <\/a><\/p>\n\n\n\n<hr class=\"wp-block-separator\" \/>\n\n\n\n<p><br \/><strong>Bridging Two Solitudes: The Contribution of Island Studies to Rural Studies<\/strong><br \/><strong><em>Presentation by Dr. Godfrey Baldacchino<br \/><\/em><\/strong>March 12, 2010 | Atlantic Rural Centre, Dalhousie University, Halifax, Nova Scotia, Canada<\/p>\n\n\n\n<div class=\"wp-block-image\"><figure class=\"alignright size-thumbnail\"><img loading=\"lazy\" decoding=\"async\" width=\"150\" height=\"150\" src=\"http:\/\/islandstudies.com\/files\/2021\/04\/GBaldacchinoRuralCentre-150x150.png\" alt=\"\" class=\"wp-image-4941\" \/><\/figure><\/div>\n\n\n\n<p>Despite many similarities, a conceptual connection between the study of islands and rural regions has not yet been seriously investigated. This presentation hopes to kick start this process by presenting ongoing theoretical work in island development, and the challenges that this analysis poses to and for concerned communities and policy makers.<\/p>\n\n\n\n<p><a href=\"http:\/\/islandstudies.com\/events\/past-events\/events-archive\/bridging-two-solitudes-the-contribution-of-island-studies-to-rural-studies\/\" data-type=\"page\" data-id=\"4925\">Click here for more details and to watch the video<\/a><\/p>\n\n\n\n<div style=\"height:20px\" aria-hidden=\"true\" class=\"wp-block-spacer\"><\/div>\n\n\n\n<hr class=\"wp-block-separator\" \/>\n\n\n\n<p><strong>Past Projects from <\/strong><strong>2008<\/strong><strong> include<\/strong>:<\/p>\n\n\n\n<ul><li>2007 Tasmanian writer in residence Tim Thorne at UPEI, Charlottetown<\/li><li>Youth Engagement and Mental Health<\/li><\/ul>\n\n\n\n<p><strong>Past Projects from <\/strong><b><strong>2007<\/strong><\/b><strong> include<\/strong>:<\/p>\n\n\n\n<ul><li>PEI Writer Deirdre Kessler Heads off to Writer-in-Residency in Tasmania!<\/li><li>2007 writer in residence Deirdre Kessler (UPEI), in Hobart, Tasmania<\/li><li>The Small Island Cultures Research Initiative Conference<\/li><li>Institute of Island Studies is Pleased to Announce &#8220;A World of Islands&#8221;: An Island Studies Reader<\/li><li>Island Studies Director Moderates Public Forum on Water Quality and Health<\/li><li>Institute of Island Studies Releases Museums Report, March 2007<\/li><li>David Suzuki and the Dreamers\u2019 Symposium<\/li><li>The First Chiloe Internship<\/li><li>Northumberland Strait Ecosystem Initiative<\/li><li>CCEDNet Conference<\/li><li>Southern Gulf of St Lawrence Coalition for Sustainability Annual Conference<\/li><\/ul>\n\n\n\n<div style=\"height:20px\" aria-hidden=\"true\" class=\"wp-block-spacer\"><\/div>\n\n\n\n<p><strong>Past Projects from <\/strong><b><strong>2006<\/strong><\/b><strong> include<\/strong>:<\/p>\n\n\n\n<ul><li>2007 writer in residence Danielle Wood at UPEI, Charlottetown<\/li><li>Institute of Island Studies Working with the Northumberland Strait Ecosystem Initaiative Working Group<\/li><li>Island Studies Journal Now Availabe Online<\/li><li>Pacific Voices: Equality &amp; Sustainability in Pacific Island Fisheries<\/li><li>Southern Islands Symposia<\/li><li>Virginia Tech University Environmental Issues Tour of PEI<\/li><li>Public Forum on Cruise ship Tourism<\/li><li>Island Studies hits Hawai\u2019i<\/li><li>Retreat to Advance!<\/li><li>Learning from Research fellows and Associates<\/li><li>Chinese Islanders Book Launches and Art Exhibit<\/li><li>Tasmanian Writer Danielle Wood\u2019s Residency at UPEI<\/li><li>The Social Economy Research Network events<\/li><\/ul>\n\n\n\n<div style=\"height:20px\" aria-hidden=\"true\" class=\"wp-block-spacer\"><\/div>\n\n\n\n<p><strong>Past Projects from <\/strong><b><strong>2005<\/strong><\/b><strong> include<\/strong>:<\/p>\n\n\n\n<ul><li>IIS Co-ordinates New Studies on the Atlantic Social Economy<\/li><li>Community Forest Dialogues<\/li><li>Memorandum of Understanding and Association Signed Between The Mi&#8217;kmaq Confederacy of PEI, IIS, And UPEI<\/li><li>Institute of Island Studies Celebrates its 20th Anniversary<\/li><li>Online Library Resources Expanded<\/li><li>Prince Edward Island Forest Policy Announced<\/li><li>GMO Report Presented to Standing Committee<\/li><\/ul>\n\n\n\n<div style=\"height:20px\" aria-hidden=\"true\" class=\"wp-block-spacer\"><\/div>\n\n\n\n<p><strong>Past Projects from <\/strong><b><strong>2002-2004<\/strong><\/b><strong> include<\/strong>:<\/p>\n\n\n\n<ul><li>Notes From a Public Lecture on University Avenue<\/li><li>Panel on Coastal Communities<\/li><li>Database of Islands VII Conference Papers<\/li><\/ul>\n\n\n\n<div style=\"height:20px\" aria-hidden=\"true\" class=\"wp-block-spacer\"><\/div>\n\n\n\n<p><strong>Past Projects from <\/strong><b><strong>1998-2002<\/strong><\/b><strong> include<\/strong>:<\/p>\n\n\n\n<ul><li>Islands of the world VII: New Horizons in Island Studies<\/li><li>Knowledge Assessment Methodology (KAM)<\/li><li>Community Capacity Building<\/li><li>Message in a Bottle: the Literature of Small Islands<\/li><li>Island Sustainability, Livelihood and Equity Program (ISLE)<\/li><li>Local Knowledge \/ Global Challenge: Smart Community Development<\/li><li>The Employment Summit and the Population Strategy<\/li><li>North Atlantic Forum (NAF)<\/li><\/ul>\n\n\n\n<div style=\"height:69px\" aria-hidden=\"true\" class=\"wp-block-spacer\"><\/div>\n\n\n\n<hr class=\"wp-block-separator\" \/>\n\n\n\n<p class=\"has-text-align-center has-small-font-size\"><a href=\"http:\/\/islandstudies.com\/events\/past-events\/events-archive\/\" data-type=\"page\" data-id=\"25\">RETURN TO TOP<\/a><\/p>\n\n\n\n<p class=\"has-text-align-center has-normal-font-size\"><a href=\"http:\/\/islandstudies.com\/events\/past-events\/\" data-type=\"page\" data-id=\"3964\"> PAST EVENTS<\/a>   |  <a href=\"http:\/\/islandstudies.com\/events\/\" data-type=\"page\" data-id=\"3926\">UPCOMING EVENTS<\/a><\/p>\n\n\n\n<div style=\"height:100px\" aria-hidden=\"true\" class=\"wp-block-spacer\"><\/div>\n\n\n\n<hr class=\"wp-block-separator has-css-opacity is-style-wide\" \/>\n\n\n\n<div class=\"wp-block-columns is-layout-flex wp-container-core-columns-layout-1 wp-block-columns-is-layout-flex\">\n<div class=\"wp-block-column is-layout-flow wp-block-column-is-layout-flow\" style=\"flex-basis:66.66%\"><form role=\"search\" method=\"get\" action=\"https:\/\/projects.upei.ca\/testforneal\/\" class=\"wp-block-search__button-inside wp-block-search__icon-button alignright wp-block-search\"    ><label class=\"wp-block-search__label screen-reader-text\" for=\"wp-block-search__input-1\" >Search<\/label><div class=\"wp-block-search__inside-wrapper \"  style=\"width: 536px\"><input class=\"wp-block-search__input\" id=\"wp-block-search__input-1\" placeholder=\"\" value=\"\" type=\"search\" name=\"s\" required \/><button aria-label=\"&#x1f50d;\" class=\"wp-block-search__button has-icon wp-element-button\" type=\"submit\" ><svg class=\"search-icon\" viewBox=\"0 0 24 24\" width=\"24\" height=\"24\">\n\t\t\t\t\t<path d=\"M13 5c-3.3 0-6 2.7-6 6 0 1.4.5 2.7 1.3 3.7l-3.8 3.8 1.1 1.1 3.8-3.8c1 .8 2.3 1.3 3.7 1.3 3.3 0 6-2.7 6-6S16.3 5 13 5zm0 10.5c-2.5 0-4.5-2-4.5-4.5s2-4.5 4.5-4.5 4.5 2 4.5 4.5-2 4.5-4.5 4.5z\"><\/path>\n\t\t\t\t<\/svg><\/button><\/div><\/form><\/div>\n\n\n\n<div class=\"wp-block-column is-vertically-aligned-center is-layout-flow wp-block-column-is-layout-flow\" style=\"flex-basis:36.7%\"><\/div>\n<\/div>\n\n\n\n<div class=\"wp-block-group is-layout-constrained wp-block-group-is-layout-constrained\"><div class=\"wp-block-group__inner-container\">\n<ul class=\"wp-block-social-links aligncenter is-style-logos-only is-layout-flex wp-block-social-links-is-layout-flex\"><li class=\"wp-social-link wp-social-link-twitter  wp-block-social-link\"><a href=\"https:\/\/twitter.com\/IISUPEI\" class=\"wp-block-social-link-anchor\"><svg width=\"24\" height=\"24\" viewBox=\"0 0 24 24\" version=\"1.1\" xmlns=\"http:\/\/www.w3.org\/2000\/svg\" aria-hidden=\"true\" focusable=\"false\"><path d=\"M22.23,5.924c-0.736,0.326-1.527,0.547-2.357,0.646c0.847-0.508,1.498-1.312,1.804-2.27 c-0.793,0.47-1.671,0.812-2.606,0.996C18.324,4.498,17.257,4,16.077,4c-2.266,0-4.103,1.837-4.103,4.103 c0,0.322,0.036,0.635,0.106,0.935C8.67,8.867,5.647,7.234,3.623,4.751C3.27,5.357,3.067,6.062,3.067,6.814 c0,1.424,0.724,2.679,1.825,3.415c-0.673-0.021-1.305-0.206-1.859-0.513c0,0.017,0,0.034,0,0.052c0,1.988,1.414,3.647,3.292,4.023 c-0.344,0.094-0.707,0.144-1.081,0.144c-0.264,0-0.521-0.026-0.772-0.074c0.522,1.63,2.038,2.816,3.833,2.85 c-1.404,1.1-3.174,1.756-5.096,1.756c-0.331,0-0.658-0.019-0.979-0.057c1.816,1.164,3.973,1.843,6.29,1.843 c7.547,0,11.675-6.252,11.675-11.675c0-0.178-0.004-0.355-0.012-0.531C20.985,7.47,21.68,6.747,22.23,5.924z\"><\/path><\/svg><span class=\"wp-block-social-link-label screen-reader-text\">Twitter<\/span><\/a><\/li>\n\n<li class=\"wp-social-link wp-social-link-facebook  wp-block-social-link\"><a href=\"https:\/\/facebook.com\/InstituteofIslandStudies\" class=\"wp-block-social-link-anchor\"><svg width=\"24\" height=\"24\" viewBox=\"0 0 24 24\" version=\"1.1\" xmlns=\"http:\/\/www.w3.org\/2000\/svg\" aria-hidden=\"true\" focusable=\"false\"><path d=\"M12 2C6.5 2 2 6.5 2 12c0 5 3.7 9.1 8.4 9.9v-7H7.9V12h2.5V9.8c0-2.5 1.5-3.9 3.8-3.9 1.1 0 2.2.2 2.2.2v2.5h-1.3c-1.2 0-1.6.8-1.6 1.6V12h2.8l-.4 2.9h-2.3v7C18.3 21.1 22 17 22 12c0-5.5-4.5-10-10-10z\"><\/path><\/svg><span class=\"wp-block-social-link-label screen-reader-text\">Facebook<\/span><\/a><\/li>\n\n<li class=\"wp-social-link wp-social-link-instagram  wp-block-social-link\"><a href=\"https:\/\/instagram.com\/instituteofislandstudies\" class=\"wp-block-social-link-anchor\"><svg width=\"24\" height=\"24\" viewBox=\"0 0 24 24\" version=\"1.1\" xmlns=\"http:\/\/www.w3.org\/2000\/svg\" aria-hidden=\"true\" focusable=\"false\"><path d=\"M12,4.622c2.403,0,2.688,0.009,3.637,0.052c0.877,0.04,1.354,0.187,1.671,0.31c0.42,0.163,0.72,0.358,1.035,0.673 c0.315,0.315,0.51,0.615,0.673,1.035c0.123,0.317,0.27,0.794,0.31,1.671c0.043,0.949,0.052,1.234,0.052,3.637 s-0.009,2.688-0.052,3.637c-0.04,0.877-0.187,1.354-0.31,1.671c-0.163,0.42-0.358,0.72-0.673,1.035 c-0.315,0.315-0.615,0.51-1.035,0.673c-0.317,0.123-0.794,0.27-1.671,0.31c-0.949,0.043-1.233,0.052-3.637,0.052 s-2.688-0.009-3.637-0.052c-0.877-0.04-1.354-0.187-1.671-0.31c-0.42-0.163-0.72-0.358-1.035-0.673 c-0.315-0.315-0.51-0.615-0.673-1.035c-0.123-0.317-0.27-0.794-0.31-1.671C4.631,14.688,4.622,14.403,4.622,12 s0.009-2.688,0.052-3.637c0.04-0.877,0.187-1.354,0.31-1.671c0.163-0.42,0.358-0.72,0.673-1.035 c0.315-0.315,0.615-0.51,1.035-0.673c0.317-0.123,0.794-0.27,1.671-0.31C9.312,4.631,9.597,4.622,12,4.622 M12,3 C9.556,3,9.249,3.01,8.289,3.054C7.331,3.098,6.677,3.25,6.105,3.472C5.513,3.702,5.011,4.01,4.511,4.511 c-0.5,0.5-0.808,1.002-1.038,1.594C3.25,6.677,3.098,7.331,3.054,8.289C3.01,9.249,3,9.556,3,12c0,2.444,0.01,2.751,0.054,3.711 c0.044,0.958,0.196,1.612,0.418,2.185c0.23,0.592,0.538,1.094,1.038,1.594c0.5,0.5,1.002,0.808,1.594,1.038 c0.572,0.222,1.227,0.375,2.185,0.418C9.249,20.99,9.556,21,12,21s2.751-0.01,3.711-0.054c0.958-0.044,1.612-0.196,2.185-0.418 c0.592-0.23,1.094-0.538,1.594-1.038c0.5-0.5,0.808-1.002,1.038-1.594c0.222-0.572,0.375-1.227,0.418-2.185 C20.99,14.751,21,14.444,21,12s-0.01-2.751-0.054-3.711c-0.044-0.958-0.196-1.612-0.418-2.185c-0.23-0.592-0.538-1.094-1.038-1.594 c-0.5-0.5-1.002-0.808-1.594-1.038c-0.572-0.222-1.227-0.375-2.185-0.418C14.751,3.01,14.444,3,12,3L12,3z M12,7.378 c-2.552,0-4.622,2.069-4.622,4.622S9.448,16.622,12,16.622s4.622-2.069,4.622-4.622S14.552,7.378,12,7.378z M12,15 c-1.657,0-3-1.343-3-3s1.343-3,3-3s3,1.343,3,3S13.657,15,12,15z M16.804,6.116c-0.596,0-1.08,0.484-1.08,1.08 s0.484,1.08,1.08,1.08c0.596,0,1.08-0.484,1.08-1.08S17.401,6.116,16.804,6.116z\"><\/path><\/svg><span class=\"wp-block-social-link-label screen-reader-text\">Instagram<\/span><\/a><\/li>\n\n\n\n<li class=\"wp-social-link wp-social-link-youtube  wp-block-social-link\"><a href=\"http:\/\/bit.ly\/IIS_YouTube\" class=\"wp-block-social-link-anchor\"><svg width=\"24\" height=\"24\" viewBox=\"0 0 24 24\" version=\"1.1\" xmlns=\"http:\/\/www.w3.org\/2000\/svg\" aria-hidden=\"true\" focusable=\"false\"><path d=\"M21.8,8.001c0,0-0.195-1.378-0.795-1.985c-0.76-0.797-1.613-0.801-2.004-0.847c-2.799-0.202-6.997-0.202-6.997-0.202 h-0.009c0,0-4.198,0-6.997,0.202C4.608,5.216,3.756,5.22,2.995,6.016C2.395,6.623,2.2,8.001,2.2,8.001S2,9.62,2,11.238v1.517 c0,1.618,0.2,3.237,0.2,3.237s0.195,1.378,0.795,1.985c0.761,0.797,1.76,0.771,2.205,0.855c1.6,0.153,6.8,0.201,6.8,0.201 s4.203-0.006,7.001-0.209c0.391-0.047,1.243-0.051,2.004-0.847c0.6-0.607,0.795-1.985,0.795-1.985s0.2-1.618,0.2-3.237v-1.517 C22,9.62,21.8,8.001,21.8,8.001z M9.935,14.594l-0.001-5.62l5.404,2.82L9.935,14.594z\"><\/path><\/svg><span class=\"wp-block-social-link-label screen-reader-text\">YouTube<\/span><\/a><\/li><\/ul>\n<\/div><\/div>\n\n\n\n<hr class=\"wp-block-separator has-css-opacity is-style-wide\" \/>\n\n\n\n<h6 class=\"wp-block-heading has-text-align-center\">\u00a9 2021 Institute of Island Studies, University of Prince Edward Island. All rights reserved.<\/h6>\n","protected":false},"excerpt":{"rendered":"<p>Institute of Island Studies | Events Archive (1998\u20132016) ISLAND LECTURE SERIES ARCHIVE (2014\u20132020) | RETURN TO PAST EVENTS ISLAND LECTURE SERIES&#8220;So you want to go to Iceland&#8230;&#8221;with David CairnsJanuary 19, 2016 | 7 p.m. | UPEI Main Building Faculty Lounge &hellip; <a href=\"https:\/\/projects.upei.ca\/testforneal\/events\/past-events\/events-archive\/\">Continue reading <span class=\"meta-nav\">&rarr;<\/span><\/a><\/p>\n","protected":false},"author":1,"featured_media":0,"parent":3964,"menu_order":0,"comment_status":"closed","ping_status":"closed","template":"","meta":{"footnotes":""},"tags":[],"_links":{"self":[{"href":"https:\/\/projects.upei.ca\/testforneal\/wp-json\/wp\/v2\/pages\/25"}],"collection":[{"href":"https:\/\/projects.upei.ca\/testforneal\/wp-json\/wp\/v2\/pages"}],"about":[{"href":"https:\/\/projects.upei.ca\/testforneal\/wp-json\/wp\/v2\/types\/page"}],"author":[{"embeddable":true,"href":"https:\/\/projects.upei.ca\/testforneal\/wp-json\/wp\/v2\/users\/1"}],"replies":[{"embeddable":true,"href":"https:\/\/projects.upei.ca\/testforneal\/wp-json\/wp\/v2\/comments?post=25"}],"version-history":[{"count":0,"href":"https:\/\/projects.upei.ca\/testforneal\/wp-json\/wp\/v2\/pages\/25\/revisions"}],"up":[{"embeddable":true,"href":"https:\/\/projects.upei.ca\/testforneal\/wp-json\/wp\/v2\/pages\/3964"}],"wp:attachment":[{"href":"https:\/\/projects.upei.ca\/testforneal\/wp-json\/wp\/v2\/media?parent=25"}],"wp:term":[{"taxonomy":"post_tag","embeddable":true,"href":"https:\/\/projects.upei.ca\/testforneal\/wp-json\/wp\/v2\/tags?post=25"}],"curies":[{"name":"wp","href":"https:\/\/api.w.org\/{rel}","templated":true}]}}